CRAN Package Check Results for Package carData

Last updated on 2021-09-22 23:49:47 CEST.

Flavor Version Tinstall Tcheck Ttotal Status Flags
r-devel-linux-x86_64-debian-clang 3.0-4 3.91 21.57 25.48 OK
r-devel-linux-x86_64-debian-gcc 3.0-4 3.17 17.07 20.24 OK
r-devel-linux-x86_64-fedora-clang 3.0-4 39.97 NOTE
r-devel-linux-x86_64-fedora-gcc 3.0-4 29.88 OK
r-devel-windows-x86_64 3.0-4 5.00 25.00 30.00 OK
r-devel-windows-x86_64-gcc10-UCRT 3.0-4 ERROR
r-patched-linux-x86_64 3.0-4 4.83 20.98 25.81 OK
r-patched-solaris-x86 3.0-4 43.20 OK
r-release-linux-x86_64 3.0-4 3.73 21.01 24.74 OK
r-release-macos-arm64 3.0-4 OK
r-release-macos-x86_64 3.0-4 OK
r-release-windows-ix86+x86_64 3.0-4 8.00 24.00 32.00 OK
r-oldrel-macos-x86_64 3.0-4 OK
r-oldrel-windows-ix86+x86_64 3.0-4 7.00 27.00 34.00 OK

Check Details

Version: 3.0-4
Check: Rd cross-references
Result: NOTE
    Undeclared package ‘car’ in Rd xrefs
Flavor: r-devel-linux-x86_64-fedora-clang

Version: 3.0-4
Check: PDF version of manual
Result: WARN
    LaTeX errors when creating PDF version.
    This typically indicates Rd problems.
Flavor: r-devel-windows-x86_64-gcc10-UCRT

Version: 3.0-4
Check: PDF version of manual without hyperrefs or index
Result: ERROR
    Re-running with no redirection of stdout/stderr.
Flavor: r-devel-windows-x86_64-gcc10-UCRT