CRAN Package Check Results for Package cape

Last updated on 2021-05-06 23:49:25 CEST.

Flavor Version Tinstall Tcheck Ttotal Status Flags
r-devel-linux-x86_64-debian-clang 3.1.0 25.01 327.80 352.81 NOTE
r-devel-linux-x86_64-debian-gcc 3.1.0 21.34 238.62 259.96 NOTE
r-devel-linux-x86_64-fedora-clang 3.1.0 412.89 NOTE
r-devel-linux-x86_64-fedora-gcc 3.1.0 407.31 NOTE
r-devel-windows-ix86+x86_64 3.1.0 31.00 373.00 404.00 NOTE
r-devel-windows-x86_64-gcc10-UCRT 3.1.0 NOTE
r-patched-linux-x86_64 3.1.0 23.08 309.62 332.70 NOTE
r-patched-solaris-x86 3.1.0 473.90 OK
r-release-linux-x86_64 3.1.0 22.70 302.15 324.85 OK
r-release-macos-x86_64 3.1.0 OK
r-release-windows-ix86+x86_64 3.1.0 32.00 270.00 302.00 OK
r-oldrel-macos-x86_64 3.1.0 OK
r-oldrel-windows-ix86+x86_64 3.1.0 43.00 352.00 395.00 OK

Check Details

Version: 3.1.0
Check: LazyData
Result: NOTE
     'LazyData' is specified without a 'data' directory
Flavors: r-devel-linux-x86_64-debian-clang, r-devel-linux-x86_64-debian-gcc, r-devel-linux-x86_64-fedora-clang, r-devel-linux-x86_64-fedora-gcc, r-devel-windows-ix86+x86_64, r-devel-windows-x86_64-gcc10-UCRT, r-patched-linux-x86_64