CRAN Package Check Results for Package candisc

Last updated on 2021-09-24 23:53:42 CEST.

Flavor Version Tinstall Tcheck Ttotal Status Flags
r-devel-linux-x86_64-debian-clang 0.8-5 6.94 72.62 79.56 OK
r-devel-linux-x86_64-debian-gcc 0.8-5 4.87 54.11 58.98 OK
r-devel-linux-x86_64-fedora-clang 0.8-5 101.76 NOTE
r-devel-linux-x86_64-fedora-gcc 0.8-5 89.67 OK
r-devel-windows-x86_64 0.8-5 10.00 68.00 78.00 OK
r-devel-windows-x86_64-gcc10-UCRT 0.8-5 OK
r-patched-linux-x86_64 0.8-5 7.57 67.16 74.73 OK
r-patched-solaris-x86 0.8-5 126.80 OK
r-release-linux-x86_64 0.8-5 6.00 67.39 73.39 OK
r-release-macos-arm64 0.8-5 OK
r-release-macos-x86_64 0.8-5 OK
r-release-windows-ix86+x86_64 0.8-5 18.00 71.00 89.00 OK
r-oldrel-macos-x86_64 0.8-5 OK
r-oldrel-windows-ix86+x86_64 0.8-5 12.00 73.00 85.00 OK

Check Details

Version: 0.8-5
Check: Rd cross-references
Result: NOTE
    Undeclared packages ‘yacca’, ‘CCA’ in Rd xrefs
Flavor: r-devel-linux-x86_64-fedora-clang