Last updated on 2023-06-07 01:03:20 CEST.
Flavor | Version | Tinstall | Tcheck | Ttotal | Status | Flags |
---|---|---|---|---|---|---|
r-devel-linux-x86_64-debian-clang | 0.4.0 | 15.66 | 412.51 | 428.17 | OK | |
r-devel-linux-x86_64-debian-gcc | 0.4.0 | 13.70 | 320.40 | 334.10 | OK | |
r-devel-linux-x86_64-fedora-clang | 0.4.0 | 536.00 | NOTE | |||
r-devel-linux-x86_64-fedora-gcc | 0.4.0 | 525.34 | NOTE | |||
r-devel-windows-x86_64 | 0.4.0 | 14.00 | 303.00 | 317.00 | OK | |
r-patched-linux-x86_64 | 0.4.0 | 10.67 | 403.42 | 414.09 | OK | |
r-release-linux-x86_64 | 0.4.0 | 10.42 | 398.06 | 408.48 | OK | |
r-release-macos-arm64 | 0.4.0 | 143.00 | OK | |||
r-release-macos-x86_64 | 0.4.0 | 270.00 | OK | |||
r-release-windows-x86_64 | 0.4.0 | 19.00 | 399.00 | 418.00 | OK | |
r-oldrel-macos-arm64 | 0.4.0 | 111.00 | NOTE | |||
r-oldrel-macos-x86_64 | 0.4.0 | 156.00 | NOTE | |||
r-oldrel-windows-x86_64 | 0.4.0 | 19.00 | 387.00 | 406.00 | OK |
Version: 0.4.0
Check: data for non-ASCII characters
Result: NOTE
Note: found 58 marked UTF-8 strings
Flavors: r-devel-linux-x86_64-fedora-clang, r-devel-linux-x86_64-fedora-gcc, r-oldrel-macos-arm64, r-oldrel-macos-x86_64