CRAN Package Check Results for Package cachem

Last updated on 2024-06-25 00:57:54 CEST.

Flavor Version Tinstall Tcheck Ttotal Status Flags
r-devel-linux-x86_64-debian-clang 1.1.0 4.12 34.32 38.44 OK
r-devel-linux-x86_64-debian-gcc 1.1.0 2.99 26.97 29.96 OK
r-devel-linux-x86_64-fedora-clang 1.1.0 52.67 OK
r-devel-linux-x86_64-fedora-gcc 1.1.0 50.29 OK
r-devel-windows-x86_64 1.1.0 8.00 50.00 58.00 NOTE
r-patched-linux-x86_64 1.1.0 3.74 33.89 37.63 OK
r-release-linux-x86_64 1.1.0 3.55 34.04 37.59 OK
r-release-macos-arm64 1.1.0 21.00 OK
r-release-macos-x86_64 1.1.0 33.00 OK
r-release-windows-x86_64 1.1.0 9.00 49.00 58.00 OK
r-oldrel-macos-arm64 1.1.0 22.00 OK
r-oldrel-macos-x86_64 1.1.0 40.00 OK
r-oldrel-windows-x86_64 1.1.0 8.00 53.00 61.00 OK

Check Details

Version: 1.1.0
Check: compiled code
Result: NOTE File 'cachem/libs/x64/cachem.dll': Found non-API call to R: 'Rf_StringBlank' Compiled code should not call non-API entry points in R. See 'Writing portable packages' in the 'Writing R Extensions' manual. Flavor: r-devel-windows-x86_64