CRAN Package Check Results for Package cabinets

Last updated on 2024-06-22 00:57:54 CEST.

Flavor Version Tinstall Tcheck Ttotal Status Flags
r-devel-linux-x86_64-debian-clang 0.6.0 3.39 29.17 32.56 NOTE
r-devel-linux-x86_64-debian-gcc 0.6.0 2.54 22.44 24.98 NOTE
r-devel-linux-x86_64-fedora-clang 0.6.0 40.62 NOTE
r-devel-linux-x86_64-fedora-gcc 0.6.0 38.50 NOTE
r-devel-windows-x86_64 0.6.0 4.00 44.00 48.00 NOTE
r-patched-linux-x86_64 0.6.0 3.72 27.60 31.32 NOTE
r-release-linux-x86_64 0.6.0 3.17 28.07 31.24 NOTE
r-release-macos-arm64 0.6.0 20.00 NOTE
r-release-macos-x86_64 0.6.0 27.00 NOTE
r-release-windows-x86_64 0.6.0 4.00 45.00 49.00 NOTE
r-oldrel-macos-arm64 0.6.0 20.00 NOTE
r-oldrel-macos-x86_64 0.6.0 24.00 NOTE
r-oldrel-windows-x86_64 0.6.0 5.00 46.00 51.00 NOTE

Check Details

Version: 0.6.0
Check: LazyData
Result: NOTE 'LazyData' is specified without a 'data' directory Flavors: r-devel-linux-x86_64-debian-clang, r-devel-linux-x86_64-debian-gcc, r-devel-linux-x86_64-fedora-clang, r-devel-linux-x86_64-fedora-gcc, r-devel-windows-x86_64, r-patched-linux-x86_64, r-release-linux-x86_64, r-release-macos-arm64, r-release-macos-x86_64, r-release-windows-x86_64, r-oldrel-macos-arm64, r-oldrel-macos-x86_64, r-oldrel-windows-x86_64