Last updated on 2023-02-06 23:55:40 CET.
Flavor | Version | Tinstall | Tcheck | Ttotal | Status | Flags |
---|---|---|---|---|---|---|
r-devel-linux-x86_64-debian-clang | 1.0 | 33.87 | 29.62 | 63.49 | NOTE | |
r-devel-linux-x86_64-debian-gcc | 1.0 | 25.46 | 23.43 | 48.89 | NOTE | |
r-devel-linux-x86_64-fedora-clang | 1.0 | 89.52 | NOTE | |||
r-devel-linux-x86_64-fedora-gcc | 1.0 | 92.53 | NOTE | |||
r-devel-windows-x86_64 | 1.0 | 34.00 | 80.00 | 114.00 | NOTE | |
r-patched-linux-x86_64 | 1.0 | 26.96 | 29.09 | 56.05 | OK | |
r-release-linux-x86_64 | 1.0 | 29.32 | 29.21 | 58.53 | OK | |
r-release-macos-arm64 | 1.0 | 26.00 | OK | |||
r-release-macos-x86_64 | 1.0 | 35.00 | OK | |||
r-release-windows-x86_64 | 1.0 | 81.00 | 88.00 | 169.00 | OK | |
r-oldrel-macos-arm64 | 1.0 | 35.00 | OK | |||
r-oldrel-macos-x86_64 | 1.0 | 47.00 | OK | |||
r-oldrel-windows-ix86+x86_64 | 1.0 | 85.00 | 87.00 | 172.00 | OK |
Version: 1.0
Check: C++ specification
Result: NOTE
Specified C++11: please update to current default of C++17
Flavors: r-devel-linux-x86_64-debian-clang, r-devel-linux-x86_64-debian-gcc, r-devel-linux-x86_64-fedora-clang, r-devel-linux-x86_64-fedora-gcc, r-devel-windows-x86_64