CRAN Package Check Results for Package cIRT

Last updated on 2022-01-16 23:51:28 CET.

Flavor Version Tinstall Tcheck Ttotal Status Flags
r-devel-linux-x86_64-debian-clang 1.3.1 78.17 578.09 656.26 OK
r-devel-linux-x86_64-debian-gcc 1.3.1 58.18 357.14 415.32 OK
r-devel-linux-x86_64-fedora-clang 1.3.1 690.75 OK
r-devel-linux-x86_64-fedora-gcc 1.3.1 615.26 OK
r-devel-windows-x86_64-new-UL 1.3.1 89.00 433.00 522.00 OK
r-devel-windows-x86_64-new-TK 1.3.1 OK
r-patched-linux-x86_64 1.3.1 68.28 450.01 518.29 OK
r-release-linux-x86_64 1.3.1 OK
r-release-macos-arm64 1.3.1 NOTE
r-release-macos-x86_64 1.3.1 OK
r-release-windows-ix86+x86_64 1.3.1 199.00 478.00 677.00 OK
r-oldrel-macos-x86_64 1.3.1 OK
r-oldrel-windows-ix86+x86_64 1.3.1 199.00 450.00 649.00 OK

Check Details

Version: 1.3.1
Check: installed package size
Result: NOTE
     installed size is 5.8Mb
     sub-directories of 1Mb or more:
     libs 5.5Mb
Flavor: r-release-macos-arm64