CRAN Package Check Results for Package c2z

Last updated on 2024-06-14 00:53:37 CEST.

Flavor Version Tinstall Tcheck Ttotal Status Flags
r-devel-linux-x86_64-debian-clang 0.2.0 7.87 80.33 88.20 OK
r-devel-linux-x86_64-debian-gcc 0.2.0 0.34 1.87 2.21 ERROR
r-devel-linux-x86_64-fedora-clang 0.2.0 117.27 OK
r-devel-linux-x86_64-fedora-gcc 0.2.0 121.44 OK
r-devel-windows-x86_64 0.2.0 10.00 78.00 88.00 OK
r-patched-linux-x86_64 0.2.0 10.86 78.59 89.45 OK
r-release-linux-x86_64 0.2.0 11.80 77.82 89.62 OK
r-release-macos-arm64 0.2.0 45.00 OK
r-release-macos-x86_64 0.2.0 107.00 OK
r-release-windows-x86_64 0.2.0 12.00 78.00 90.00 OK
r-oldrel-macos-arm64 0.2.0 38.00 OK
r-oldrel-macos-x86_64 0.2.0 82.00 OK
r-oldrel-windows-x86_64 0.2.0 14.00 94.00 108.00 OK

Check Details

Version: 0.2.0
Check: package dependencies
Result: ERROR Packages required but not available: 'dplyr', 'purrr', 'rvest', 'tibble', 'tidyr', 'tidyselect' Packages suggested but not available for checking: 'readr', 'testthat' See section ‘The DESCRIPTION file’ in the ‘Writing R Extensions’ manual. Flavor: r-devel-linux-x86_64-debian-gcc