CRAN Package Check Results for Package bumblebee

Last updated on 2023-06-07 01:03:20 CEST.

Flavor Version Tinstall Tcheck Ttotal Status Flags
r-devel-linux-x86_64-debian-clang 0.1.0 7.04 52.87 59.91 OK
r-devel-linux-x86_64-debian-gcc 0.1.0 4.47 39.99 44.46 OK
r-devel-linux-x86_64-fedora-clang 0.1.0 73.95 NOTE
r-devel-linux-x86_64-fedora-gcc 0.1.0 80.97 NOTE
r-devel-windows-x86_64 0.1.0 6.00 63.00 69.00 OK
r-patched-linux-x86_64 0.1.0 5.75 49.27 55.02 OK
r-release-linux-x86_64 0.1.0 3.63 49.40 53.03 OK
r-release-macos-arm64 0.1.0 31.00 OK
r-release-macos-x86_64 0.1.0 44.00 OK
r-release-windows-x86_64 0.1.0 9.00 68.00 77.00 OK
r-oldrel-macos-arm64 0.1.0 23.00 NOTE
r-oldrel-macos-x86_64 0.1.0 45.00 NOTE
r-oldrel-windows-x86_64 0.1.0 8.00 69.00 77.00 OK

Check Details

Version: 0.1.0
Check: dependencies in R code
Result: NOTE
    Namespaces in Imports field not imported from:
     ‘Hmisc’ ‘magrittr’ ‘rmarkdown’
     All declared Imports should be used.
Flavors: r-devel-linux-x86_64-fedora-clang, r-devel-linux-x86_64-fedora-gcc, r-oldrel-macos-arm64, r-oldrel-macos-x86_64