CRAN Package Check Results for Package brranching

Last updated on 2021-10-20 23:50:04 CEST.

Flavor Version Tinstall Tcheck Ttotal Status Flags
r-devel-linux-x86_64-debian-clang 0.7.0 11.01 93.52 104.53 OK
r-devel-linux-x86_64-debian-gcc 0.7.0 9.15 72.40 81.55 OK
r-devel-linux-x86_64-fedora-clang 0.7.0 138.70 OK
r-devel-linux-x86_64-fedora-gcc 0.7.0 125.22 OK
r-devel-windows-x86_64 0.7.0 19.00 118.00 137.00 OK
r-devel-windows-x86_64-gcc10-UCRT 0.7.0 ERROR
r-patched-linux-x86_64 0.7.0 10.61 91.61 102.22 OK
r-patched-solaris-x86 0.7.0 195.60 OK
r-release-linux-x86_64 0.7.0 11.61 90.85 102.46 OK
r-release-macos-arm64 0.7.0 OK
r-release-macos-x86_64 0.7.0 OK
r-release-windows-ix86+x86_64 0.7.0 29.00 118.00 147.00 OK
r-oldrel-macos-x86_64 0.7.0 OK
r-oldrel-windows-ix86+x86_64 0.7.0 30.00 117.00 147.00 OK

Check Details

Version: 0.7.0
Check: package dependencies
Result: ERROR
    Packages required but not available: 'taxize', 'phytools'
    
    See section 'The DESCRIPTION file' in the 'Writing R Extensions'
    manual.
Flavor: r-devel-windows-x86_64-gcc10-UCRT