CRAN Package Check Results for Package broom.mixed

Last updated on 2022-10-05 00:04:25 CEST.

Flavor Version Tinstall Tcheck Ttotal Status Flags
r-devel-linux-x86_64-debian-clang 0.2.9.4 12.27 180.70 192.97 NOTE
r-devel-linux-x86_64-debian-gcc 0.2.9.4 8.31 128.40 136.71 NOTE
r-devel-linux-x86_64-fedora-clang 0.2.9.4 253.79 NOTE
r-devel-linux-x86_64-fedora-gcc 0.2.9.4 227.06 NOTE
r-devel-windows-x86_64 0.2.9.4 58.00 206.00 264.00 NOTE
r-patched-linux-x86_64 0.2.9.4 6.48 162.75 169.23 NOTE
r-release-linux-x86_64 0.2.9.4 6.27 165.63 171.90 NOTE
r-release-macos-arm64 0.2.9.4 65.00 NOTE
r-release-macos-x86_64 0.2.9.4 96.00 NOTE
r-release-windows-x86_64 0.2.9.4 59.00 200.00 259.00 NOTE
r-oldrel-macos-arm64 0.2.9.4 48.00 NOTE
r-oldrel-macos-x86_64 0.2.9.4 86.00 NOTE
r-oldrel-windows-ix86+x86_64 0.2.9.4 22.00 199.00 221.00 NOTE

Check Details

Version: 0.2.9.4
Check: package dependencies
Result: NOTE
    Package suggested but not available for checking: 'glmmADMB'
Flavors: r-devel-linux-x86_64-debian-clang, r-devel-linux-x86_64-debian-gcc, r-devel-linux-x86_64-fedora-clang, r-devel-linux-x86_64-fedora-gcc, r-devel-windows-x86_64, r-patched-linux-x86_64, r-release-linux-x86_64, r-release-macos-arm64, r-release-macos-x86_64, r-release-windows-x86_64, r-oldrel-macos-arm64, r-oldrel-macos-x86_64, r-oldrel-windows-ix86+x86_64