CRAN Package Check Results for Package broom.helpers

Last updated on 2024-06-19 00:49:24 CEST.

Flavor Version Tinstall Tcheck Ttotal Status Flags
r-devel-linux-x86_64-debian-clang 1.15.0 10.03 277.12 287.15 NOTE
r-devel-linux-x86_64-debian-gcc 1.15.0 8.41 196.66 205.07 NOTE
r-devel-linux-x86_64-fedora-clang 1.15.0 370.70 NOTE
r-devel-linux-x86_64-fedora-gcc 1.15.0 354.29 NOTE
r-devel-windows-x86_64 1.15.0 9.00 205.00 214.00 OK
r-patched-linux-x86_64 1.15.0 7.77 260.68 268.45 NOTE
r-release-linux-x86_64 1.15.0 6.61 264.49 271.10 NOTE
r-release-macos-arm64 1.15.0 114.00 OK
r-release-macos-x86_64 1.15.0 171.00 OK
r-release-windows-x86_64 1.15.0 9.00 203.00 212.00 OK
r-oldrel-macos-arm64 1.15.0 105.00 OK
r-oldrel-macos-x86_64 1.15.0 268.00 OK
r-oldrel-windows-x86_64 1.15.0 13.00 282.00 295.00 OK

Check Details

Version: 1.15.0
Check: package dependencies
Result: NOTE Package suggested but not available for checking: ‘biglmm’ Flavors: r-devel-linux-x86_64-debian-clang, r-devel-linux-x86_64-debian-gcc, r-devel-linux-x86_64-fedora-clang, r-devel-linux-x86_64-fedora-gcc, r-release-linux-x86_64

Version: 1.15.0
Check: package dependencies
Result: NOTE Package suggested but not available for checking: ‘margins’ Flavor: r-patched-linux-x86_64