CRAN Package Check Results for Package brlrmr

Last updated on 2024-06-14 00:53:36 CEST.

Flavor Version Tinstall Tcheck Ttotal Status Flags
r-devel-linux-x86_64-debian-clang 0.1.7 2.16 29.72 31.88 OK
r-devel-linux-x86_64-debian-gcc 0.1.7 2.66 22.04 24.70 OK
r-devel-linux-x86_64-fedora-clang 0.1.7 41.00 NOTE
r-devel-linux-x86_64-fedora-gcc 0.1.7 38.45 NOTE
r-devel-windows-x86_64 0.1.7 3.00 44.00 47.00 OK
r-patched-linux-x86_64 0.1.7 3.18 27.59 30.77 OK
r-release-linux-x86_64 0.1.7 3.47 28.40 31.87 OK
r-release-macos-arm64 0.1.7 17.00 OK
r-release-macos-x86_64 0.1.7 24.00 OK
r-release-windows-x86_64 0.1.7 3.00 45.00 48.00 OK
r-oldrel-macos-arm64 0.1.7 19.00 OK
r-oldrel-macos-x86_64 0.1.7 25.00 OK
r-oldrel-windows-x86_64 0.1.7 4.00 46.00 50.00 OK

Check Details

Version: 0.1.7
Check: dependencies in R code
Result: NOTE Namespaces in Imports field not imported from: ‘Rcpp’ ‘profileModel’ All declared Imports should be used. Flavors: r-devel-linux-x86_64-fedora-clang, r-devel-linux-x86_64-fedora-gcc