CRAN Package Check Results for Package bridger

Last updated on 2024-06-25 00:57:53 CEST.

Flavor Version Tinstall Tcheck Ttotal Status Flags
r-devel-linux-x86_64-debian-clang 0.1.0 7.68 57.92 65.60 NOTE
r-devel-linux-x86_64-debian-gcc 0.1.0 4.19 42.92 47.11 NOTE
r-devel-linux-x86_64-fedora-clang 0.1.0 81.81 NOTE
r-devel-linux-x86_64-fedora-gcc 0.1.0 76.00 NOTE
r-devel-windows-x86_64 0.1.0 7.00 62.00 69.00 NOTE
r-patched-linux-x86_64 0.1.0 7.26 55.26 62.52 NOTE
r-release-linux-x86_64 0.1.0 4.78 54.94 59.72 NOTE
r-release-macos-arm64 0.1.0 27.00 NOTE
r-release-macos-x86_64 0.1.0 62.00 NOTE
r-release-windows-x86_64 0.1.0 9.00 62.00 71.00 NOTE
r-oldrel-macos-arm64 0.1.0 26.00 OK
r-oldrel-macos-x86_64 0.1.0 40.00 OK
r-oldrel-windows-x86_64 0.1.0 10.00 71.00 81.00 OK

Check Details

Version: 0.1.0
Check: Rd files
Result: NOTE checkRd: (-1) printHands.Rd:40: Lost braces in \itemize; meant \describe ? checkRd: (-1) printHands.Rd:41: Lost braces in \itemize; meant \describe ? checkRd: (-1) printHands.Rd:42: Lost braces in \itemize; meant \describe ? Flavors: r-devel-linux-x86_64-debian-clang, r-devel-linux-x86_64-debian-gcc, r-devel-linux-x86_64-fedora-clang, r-devel-linux-x86_64-fedora-gcc, r-devel-windows-x86_64, r-patched-linux-x86_64, r-release-linux-x86_64, r-release-macos-arm64, r-release-macos-x86_64, r-release-windows-x86_64

Version: 0.1.0
Check: dependencies in R code
Result: NOTE Namespace in Imports field not imported from: ‘kableExtra’ All declared Imports should be used. Flavors: r-devel-linux-x86_64-fedora-clang, r-devel-linux-x86_64-fedora-gcc