CRAN Package Check Results for Package brandwatchR

Last updated on 2021-08-03 23:52:01 CEST.

Flavor Version Tinstall Tcheck Ttotal Status Flags
r-devel-linux-x86_64-debian-clang 0.3.0 3.13 27.46 30.59 NOTE
r-devel-linux-x86_64-debian-gcc 0.3.0 2.29 21.41 23.70 NOTE
r-devel-linux-x86_64-fedora-clang 0.3.0 45.71 NOTE
r-devel-linux-x86_64-fedora-gcc 0.3.0 35.12 NOTE
r-devel-windows-x86_64 0.3.0 4.00 42.00 46.00 NOTE
r-devel-windows-x86_64-gcc10-UCRT 0.3.0 NOTE
r-patched-linux-x86_64 0.3.0 2.84 25.90 28.74 NOTE
r-patched-solaris-x86 0.3.0 52.40 NOTE
r-release-linux-x86_64 0.3.0 2.77 26.11 28.88 NOTE
r-release-macos-arm64 0.3.0 NOTE
r-release-macos-x86_64 0.3.0 NOTE
r-release-windows-ix86+x86_64 0.3.0 6.00 30.00 36.00 NOTE
r-oldrel-macos-x86_64 0.3.0 OK
r-oldrel-windows-ix86+x86_64 0.3.0 5.00 44.00 49.00 OK

Check Details

Version: 0.3.0
Check: LazyData
Result: NOTE
     'LazyData' is specified without a 'data' directory
Flavors: r-devel-linux-x86_64-debian-clang, r-devel-linux-x86_64-debian-gcc, r-devel-linux-x86_64-fedora-clang, r-devel-linux-x86_64-fedora-gcc, r-devel-windows-x86_64, r-devel-windows-x86_64-gcc10-UCRT, r-patched-linux-x86_64, r-patched-solaris-x86, r-release-linux-x86_64, r-release-macos-arm64, r-release-macos-x86_64, r-release-windows-ix86+x86_64