CRAN Package Check Results for Package bootcluster

Last updated on 2021-10-15 23:50:23 CEST.

Flavor Version Tinstall Tcheck Ttotal Status Flags
r-devel-linux-x86_64-debian-clang 0.2.5 12.27 99.69 111.96 OK
r-devel-linux-x86_64-debian-gcc 0.2.5 9.72 74.90 84.62 OK
r-devel-linux-x86_64-fedora-clang 0.2.5 144.17 NOTE
r-devel-linux-x86_64-fedora-gcc 0.2.5 128.36 NOTE
r-devel-windows-x86_64 0.2.5 18.00 90.00 108.00 OK
r-devel-windows-x86_64-gcc10-UCRT 0.2.5 NOTE
r-patched-linux-x86_64 0.2.5 10.24 94.56 104.80 OK
r-patched-solaris-x86 0.2.5 186.20 NOTE
r-release-linux-x86_64 0.2.5 11.19 93.78 104.97 OK
r-release-macos-arm64 0.2.5 NOTE
r-release-macos-x86_64 0.2.5 NOTE
r-release-windows-ix86+x86_64 0.2.5 27.00 119.00 146.00 OK
r-oldrel-macos-x86_64 0.2.5 NOTE
r-oldrel-windows-ix86+x86_64 0.2.5 27.00 122.00 149.00 OK

Check Details

Version: 0.2.5
Check: dependencies in R code
Result: NOTE
    Namespace in Imports field not imported from: ‘sna’
     All declared Imports should be used.
Flavors: r-devel-linux-x86_64-fedora-clang, r-devel-linux-x86_64-fedora-gcc, r-devel-windows-x86_64-gcc10-UCRT, r-patched-solaris-x86, r-release-macos-arm64, r-release-macos-x86_64, r-oldrel-macos-x86_64