Last updated on 2023-01-30 23:56:12 CET.
Flavor | Version | Tinstall | Tcheck | Ttotal | Status | Flags |
---|---|---|---|---|---|---|
r-devel-linux-x86_64-debian-clang | 1.1.5 | 7.77 | 86.59 | 94.36 | OK | |
r-devel-linux-x86_64-debian-gcc | 1.1.5 | 6.55 | 65.68 | 72.23 | OK | |
r-devel-linux-x86_64-fedora-clang | 1.1.5 | 118.59 | NOTE | |||
r-devel-linux-x86_64-fedora-gcc | 1.1.5 | 128.15 | NOTE | |||
r-devel-windows-x86_64 | 1.1.5 | 32.00 | 120.00 | 152.00 | OK | |
r-patched-linux-x86_64 | 1.1.5 | 6.44 | 82.28 | 88.72 | OK | |
r-release-linux-x86_64 | 1.1.5 | 7.97 | 82.93 | 90.90 | OK | |
r-release-macos-arm64 | 1.1.5 | 34.00 | NOTE | |||
r-release-macos-x86_64 | 1.1.5 | 51.00 | NOTE | |||
r-release-windows-x86_64 | 1.1.5 | 29.00 | 129.00 | 158.00 | OK | |
r-oldrel-macos-arm64 | 1.1.5 | 41.00 | NOTE | |||
r-oldrel-macos-x86_64 | 1.1.5 | 50.00 | NOTE | |||
r-oldrel-windows-ix86+x86_64 | 1.1.5 | 19.00 | 112.00 | 131.00 | OK |
Version: 1.1.5
Check: dependencies in R code
Result: NOTE
Namespaces in Imports field not imported from:
‘HSAUR3’ ‘knitr’ ‘rmarkdown’
All declared Imports should be used.
Flavors: r-devel-linux-x86_64-fedora-clang, r-devel-linux-x86_64-fedora-gcc, r-release-macos-arm64, r-release-macos-x86_64, r-oldrel-macos-arm64, r-oldrel-macos-x86_64