Last updated on 2023-06-04 00:54:26 CEST.
Flavor | Version | Tinstall | Tcheck | Ttotal | Status | Flags |
---|---|---|---|---|---|---|
r-devel-linux-x86_64-debian-clang | 1.3.0 | 6.02 | 64.82 | 70.84 | OK | |
r-devel-linux-x86_64-debian-gcc | 1.3.0 | 4.49 | 49.02 | 53.51 | OK | |
r-devel-linux-x86_64-fedora-clang | 1.3.0 | 73.72 | NOTE | |||
r-devel-linux-x86_64-fedora-gcc | 1.3.0 | 71.12 | NOTE | |||
r-devel-windows-x86_64 | 1.3.0 | 5.00 | 72.00 | 77.00 | OK | |
r-patched-linux-x86_64 | 1.3.0 | OK | ||||
r-release-linux-x86_64 | 1.3.0 | 5.34 | 60.79 | 66.13 | OK | |
r-release-macos-arm64 | 1.3.0 | 29.00 | NOTE | |||
r-release-macos-x86_64 | 1.2.0 | 44.00 | NOTE | |||
r-release-windows-x86_64 | 1.3.0 | 6.00 | 84.00 | 90.00 | OK | |
r-oldrel-macos-arm64 | 1.3.0 | 35.00 | NOTE | |||
r-oldrel-macos-x86_64 | 1.3.0 | 38.00 | NOTE | |||
r-oldrel-windows-x86_64 | 1.3.0 | 7.00 | 85.00 | 92.00 | OK |
Version: 1.3.0
Check: package dependencies
Result: NOTE
Package suggested but not available for checking: ‘sangerseqR’
Flavors: r-devel-linux-x86_64-fedora-clang, r-devel-linux-x86_64-fedora-gcc, r-release-macos-arm64, r-oldrel-macos-arm64, r-oldrel-macos-x86_64
Version: 1.2.0
Check: package dependencies
Result: NOTE
Package suggested but not available for checking: ‘sangerseqR’
Flavor: r-release-macos-x86_64