CRAN Package Check Results for Package bodenmiller

Last updated on 2024-07-20 00:56:41 CEST.

Flavor Version Tinstall Tcheck Ttotal Status Flags
r-devel-linux-x86_64-debian-clang 0.1.1 8.74 48.30 57.04 NOTE
r-devel-linux-x86_64-debian-gcc 0.1.1 8.16 36.31 44.47 NOTE
r-devel-linux-x86_64-fedora-clang 0.1.1 72.93 NOTE
r-devel-linux-x86_64-fedora-gcc 0.1.1 86.37 NOTE
r-devel-windows-x86_64 0.1.1 10.00 55.00 65.00 NOTE
r-patched-linux-x86_64 0.1.1 8.85 44.59 53.44 NOTE
r-release-linux-x86_64 0.1.1 7.58 44.69 52.27 NOTE
r-release-macos-arm64 0.1.1 34.00 NOTE
r-release-macos-x86_64 0.1.1 47.00 NOTE
r-release-windows-x86_64 0.1.1 10.00 56.00 66.00 NOTE
r-oldrel-macos-arm64 0.1.1 36.00 NOTE
r-oldrel-macos-x86_64 0.1.1 53.00 NOTE
r-oldrel-windows-x86_64 0.1.1 9.00 62.00 71.00 NOTE

Check Details

Version: 0.1.1
Check: Rd files
Result: NOTE checkRd: (-1) refAnnots.Rd:10: Lost braces in \itemize; meant \describe ? checkRd: (-1) refAnnots.Rd:11-12: Lost braces in \itemize; meant \describe ? checkRd: (-1) untreatedAnnots.Rd:10: Lost braces in \itemize; meant \describe ? checkRd: (-1) untreatedAnnots.Rd:11-12: Lost braces in \itemize; meant \describe ? checkRd: (-1) untreatedAnnots.Rd:13-14: Lost braces in \itemize; meant \describe ? Flavors: r-devel-linux-x86_64-debian-clang, r-devel-linux-x86_64-debian-gcc, r-devel-linux-x86_64-fedora-clang, r-devel-linux-x86_64-fedora-gcc, r-devel-windows-x86_64, r-patched-linux-x86_64, r-release-linux-x86_64, r-release-macos-arm64, r-release-macos-x86_64, r-release-windows-x86_64

Version: 0.1.1
Check: installed package size
Result: NOTE installed size is 7.2Mb sub-directories of 1Mb or more: data 7.0Mb Flavors: r-devel-linux-x86_64-fedora-clang, r-devel-windows-x86_64, r-release-macos-arm64, r-release-macos-x86_64, r-release-windows-x86_64, r-oldrel-macos-arm64, r-oldrel-macos-x86_64, r-oldrel-windows-x86_64