CRAN Package Check Results for Package bodenmiller

Last updated on 2022-05-15 23:51:25 CEST.

Flavor Version Tinstall Tcheck Ttotal Status Flags
r-devel-linux-x86_64-debian-clang 0.1.1 8.05 52.71 60.76 OK
r-devel-linux-x86_64-debian-gcc 0.1.1 8.16 40.28 48.44 OK
r-devel-linux-x86_64-fedora-clang 0.1.1 74.66 NOTE
r-devel-linux-x86_64-fedora-gcc 0.1.1 71.83 OK
r-devel-windows-x86_64 0.1.1 33.00 83.00 116.00 NOTE
r-patched-linux-x86_64 0.1.1 9.45 51.31 60.76 OK
r-release-linux-x86_64 0.1.1 6.69 50.36 57.05 OK
r-release-macos-arm64 0.1.1 27.00 NOTE
r-release-macos-x86_64 0.1.1 40.00 NOTE
r-release-windows-x86_64 0.1.1 38.00 76.00 114.00 NOTE
r-oldrel-macos-arm64 0.1.1 33.00 NOTE
r-oldrel-macos-x86_64 0.1.1 55.00 NOTE
r-oldrel-windows-ix86+x86_64 0.1.1 14.00 63.00 77.00 NOTE

Check Details

Version: 0.1.1
Check: installed package size
Result: NOTE
     installed size is 7.2Mb
     sub-directories of 1Mb or more:
     data 7.0Mb
Flavors: r-devel-linux-x86_64-fedora-clang, r-devel-windows-x86_64, r-release-macos-arm64, r-release-macos-x86_64, r-release-windows-x86_64, r-oldrel-macos-arm64, r-oldrel-macos-x86_64, r-oldrel-windows-ix86+x86_64