CRAN Package Check Results for Package bnpa

Last updated on 2021-12-07 23:54:23 CET.

Flavor Version Tinstall Tcheck Ttotal Status Flags
r-devel-linux-x86_64-debian-clang 0.3.0 3.49 48.17 51.66 OK
r-devel-linux-x86_64-debian-gcc 0.3.0 2.76 37.02 39.78 OK
r-devel-linux-x86_64-fedora-clang 0.3.0 63.94 NOTE
r-devel-linux-x86_64-fedora-gcc 0.3.0 52.65 NOTE
r-devel-windows-x86_64-new-UL 0.3.0 11.00 78.00 89.00 OK
r-devel-windows-x86_64-new-TK 0.3.0 NOTE
r-devel-windows-x86_64-old 0.3.0 7.00 60.00 67.00 OK
r-patched-linux-x86_64 0.3.0 3.50 45.15 48.65 OK
r-release-linux-x86_64 0.3.0 3.52 46.19 49.71 OK
r-release-macos-arm64 0.3.0 OK
r-release-macos-x86_64 0.3.0 NOTE
r-release-windows-ix86+x86_64 0.3.0 6.00 59.00 65.00 OK
r-oldrel-macos-x86_64 0.3.0 NOTE
r-oldrel-windows-ix86+x86_64 0.3.0 9.00 60.00 69.00 OK

Check Details

Version: 0.3.0
Check: dependencies in R code
Result: NOTE
    Namespaces in Imports field not imported from:
     ‘Rgraphviz’ ‘fastDummies’
     All declared Imports should be used.
Flavors: r-devel-linux-x86_64-fedora-clang, r-devel-linux-x86_64-fedora-gcc, r-devel-windows-x86_64-new-TK, r-release-macos-x86_64, r-oldrel-macos-x86_64