CRAN Package Check Results for Package bnormnlr

Last updated on 2021-09-19 23:49:55 CEST.

Flavor Version Tinstall Tcheck Ttotal Status Flags
r-devel-linux-x86_64-debian-clang 1.0 2.21 67.53 69.74 NOTE
r-devel-linux-x86_64-debian-gcc 1.0 1.67 46.18 47.85 NOTE
r-devel-linux-x86_64-fedora-clang 1.0 88.57 NOTE
r-devel-linux-x86_64-fedora-gcc 1.0 75.97 NOTE
r-devel-windows-x86_64 1.0 3.00 62.00 65.00 NOTE
r-devel-windows-x86_64-gcc10-UCRT 1.0 ERROR
r-patched-linux-x86_64 1.0 2.37 62.96 65.33 NOTE
r-patched-solaris-x86 1.0 99.80 NOTE
r-release-linux-x86_64 1.0 1.74 62.93 64.67 NOTE
r-release-macos-arm64 1.0 NOTE
r-release-macos-x86_64 1.0 NOTE
r-release-windows-ix86+x86_64 1.0 4.00 69.00 73.00 NOTE
r-oldrel-macos-x86_64 1.0 NOTE
r-oldrel-windows-ix86+x86_64 1.0 5.00 68.00 73.00 NOTE

Check Details

Version: 1.0
Check: R code for possible problems
Result: NOTE
    bnlr: no visible global function definition for 'dnorm'
    bnlr: no visible global function definition for 'runif'
    chainsum : <anonymous>: no visible global function definition for
     'quantile'
    infocrit: no visible global function definition for 'dnorm'
    Undefined global functions or variables:
     dnorm quantile runif
    Consider adding
     importFrom("stats", "dnorm", "quantile", "runif")
    to your NAMESPACE file.
Flavors: r-devel-linux-x86_64-debian-clang, r-devel-linux-x86_64-debian-gcc, r-devel-linux-x86_64-fedora-clang, r-devel-linux-x86_64-fedora-gcc, r-devel-windows-x86_64, r-devel-windows-x86_64-gcc10-UCRT, r-patched-linux-x86_64, r-patched-solaris-x86, r-release-linux-x86_64, r-release-macos-arm64, r-release-macos-x86_64, r-release-windows-ix86+x86_64, r-oldrel-macos-x86_64, r-oldrel-windows-ix86+x86_64

Version: 1.0
Check: whether package can be installed
Result: WARN
    Found the following significant warnings:
     WARNING: installation-time patches will not be applied, could not get the patches index
Flavor: r-devel-windows-x86_64-gcc10-UCRT

Version: 1.0
Check: PDF version of manual
Result: WARN
    LaTeX errors when creating PDF version.
    This typically indicates Rd problems.
Flavor: r-devel-windows-x86_64-gcc10-UCRT

Version: 1.0
Check: PDF version of manual without hyperrefs or index
Result: ERROR
    Re-running with no redirection of stdout/stderr.
Flavor: r-devel-windows-x86_64-gcc10-UCRT