CRAN Package Check Results for Package bnmonitor

Last updated on 2021-05-06 23:49:25 CEST.

Flavor Version Tinstall Tcheck Ttotal Status Flags
r-devel-linux-x86_64-debian-clang 0.1.0 16.55 155.04 171.59 OK
r-devel-linux-x86_64-debian-gcc 0.1.0 14.75 114.70 129.45 OK
r-devel-linux-x86_64-fedora-clang 0.1.0 210.18 NOTE
r-devel-linux-x86_64-fedora-gcc 0.1.0 187.06 NOTE
r-devel-windows-ix86+x86_64 0.1.0 43.00 179.00 222.00 OK
r-devel-windows-x86_64-gcc10-UCRT 0.1.0 ERROR
r-patched-linux-x86_64 0.1.0 17.57 147.33 164.90 OK
r-patched-solaris-x86 0.1.0 286.80 NOTE
r-release-linux-x86_64 0.1.0 17.23 140.49 157.72 OK
r-release-macos-x86_64 0.1.0 NOTE
r-release-windows-ix86+x86_64 0.1.0 26.00 128.00 154.00 OK
r-oldrel-macos-x86_64 0.1.0 NOTE
r-oldrel-windows-ix86+x86_64 0.1.0 33.00 170.00 203.00 OK

Check Details

Version: 0.1.0
Check: dependencies in R code
Result: NOTE
    Namespace in Imports field not imported from: ‘gridExtra’
     All declared Imports should be used.
Flavors: r-devel-linux-x86_64-fedora-clang, r-devel-linux-x86_64-fedora-gcc, r-patched-solaris-x86, r-release-macos-x86_64, r-oldrel-macos-x86_64

Version: 0.1.0
Check: package dependencies
Result: ERROR
    Packages required but not available: 'gRain', 'gRbase'
    
    See section 'The DESCRIPTION file' in the 'Writing R Extensions'
    manual.
Flavor: r-devel-windows-x86_64-gcc10-UCRT