Last updated on 2022-06-26 23:51:53 CEST.
Flavor | Version | Tinstall | Tcheck | Ttotal | Status | Flags |
---|---|---|---|---|---|---|
r-devel-linux-x86_64-debian-clang | 1.3.12 | 245.70 | 108.35 | 354.05 | NOTE | |
r-devel-linux-x86_64-debian-gcc | 1.3.12 | 216.70 | 88.77 | 305.47 | NOTE | |
r-devel-linux-x86_64-fedora-clang | 1.3.12 | 491.73 | NOTE | |||
r-devel-linux-x86_64-fedora-gcc | 1.3.12 | 519.21 | NOTE | |||
r-devel-windows-x86_64 | 1.3.12 | 164.00 | 169.00 | 333.00 | NOTE | |
r-patched-linux-x86_64 | 1.3.12 | 182.79 | 113.61 | 296.40 | NOTE | |
r-release-linux-x86_64 | 1.3.12 | 180.43 | 113.23 | 293.66 | NOTE | |
r-release-macos-arm64 | 1.3.12 | 134.00 | NOTE | |||
r-release-macos-x86_64 | 1.3.12 | 208.00 | NOTE | |||
r-release-windows-x86_64 | 1.3.12 | 162.00 | 173.00 | 335.00 | NOTE | |
r-oldrel-macos-arm64 | 1.3.12 | 138.00 | NOTE | |||
r-oldrel-macos-x86_64 | 1.3.12 | 162.00 | NOTE | |||
r-oldrel-windows-ix86+x86_64 | 1.3.12 | 276.00 | 146.00 | 422.00 | NOTE |
Version: 1.3.12
Check: for GNU extensions in Makefiles
Result: NOTE
GNU make is a SystemRequirements.
Flavors: r-devel-linux-x86_64-debian-clang, r-devel-linux-x86_64-debian-gcc, r-devel-linux-x86_64-fedora-clang, r-devel-linux-x86_64-fedora-gcc, r-devel-windows-x86_64, r-patched-linux-x86_64, r-release-linux-x86_64, r-release-macos-arm64, r-release-macos-x86_64, r-release-windows-x86_64, r-oldrel-macos-arm64, r-oldrel-macos-x86_64, r-oldrel-windows-ix86+x86_64
Version: 1.3.12
Check: installed package size
Result: NOTE
installed size is 33.6Mb
sub-directories of 1Mb or more:
libs 33.2Mb
Flavors: r-devel-linux-x86_64-fedora-clang, r-release-macos-arm64, r-release-macos-x86_64, r-oldrel-macos-arm64, r-oldrel-macos-x86_64
Version: 1.3.12
Check: dependencies in R code
Result: NOTE
Namespaces in Imports field not imported from:
‘RcppParallel’ ‘rstantools’
All declared Imports should be used.
Flavors: r-devel-linux-x86_64-fedora-clang, r-devel-linux-x86_64-fedora-gcc, r-release-macos-arm64, r-release-macos-x86_64, r-oldrel-macos-arm64, r-oldrel-macos-x86_64