CRAN Package Check Results for Package bmggum

Last updated on 2024-06-14 00:53:36 CEST.

Flavor Version Tinstall Tcheck Ttotal Status Flags
r-devel-linux-x86_64-debian-clang 0.1.0 1006.77 184.13 1190.90 NOTE
r-devel-linux-x86_64-debian-gcc 0.1.0 0.42 1.72 2.14 ERROR
r-devel-linux-x86_64-fedora-clang 0.1.0 1402.68 NOTE
r-devel-linux-x86_64-fedora-gcc 0.1.0 2120.65 NOTE
r-devel-windows-x86_64 0.1.0 732.00 213.00 945.00 NOTE
r-patched-linux-x86_64 0.1.0 833.80 256.70 1090.50 NOTE
r-release-linux-x86_64 0.1.0 869.67 250.82 1120.49 NOTE
r-release-macos-arm64 0.1.0 350.00 NOTE
r-release-macos-x86_64 0.1.0 300.00 NOTE
r-release-windows-x86_64 0.1.0 750.00 218.00 968.00 NOTE
r-oldrel-macos-arm64 0.1.0 362.00 NOTE
r-oldrel-macos-x86_64 0.1.0 548.00 NOTE
r-oldrel-windows-x86_64 0.1.0 973.00 277.00 1250.00 NOTE

Check Details

Version: 0.1.0
Check: for GNU extensions in Makefiles
Result: NOTE GNU make is a SystemRequirements. Flavors: r-devel-linux-x86_64-debian-clang, r-devel-linux-x86_64-fedora-clang, r-devel-linux-x86_64-fedora-gcc, r-devel-windows-x86_64, r-patched-linux-x86_64, r-release-linux-x86_64, r-release-macos-arm64, r-release-macos-x86_64, r-release-windows-x86_64, r-oldrel-macos-arm64, r-oldrel-macos-x86_64, r-oldrel-windows-x86_64

Version: 0.1.0
Check: package dependencies
Result: ERROR Packages required but not available: 'rstan', 'edstan', 'ggplot2', 'GGUM', 'loo' See section ‘The DESCRIPTION file’ in the ‘Writing R Extensions’ manual. Flavor: r-devel-linux-x86_64-debian-gcc

Version: 0.1.0
Check: installed package size
Result: NOTE installed size is 8.4Mb sub-directories of 1Mb or more: libs 7.8Mb Flavors: r-devel-linux-x86_64-fedora-clang, r-devel-windows-x86_64, r-release-macos-arm64, r-release-macos-x86_64, r-release-windows-x86_64, r-oldrel-macos-arm64, r-oldrel-macos-x86_64, r-oldrel-windows-x86_64

Version: 0.1.0
Check: dependencies in R code
Result: NOTE Namespaces in Imports field not imported from: ‘RcppParallel’ ‘rstantools’ All declared Imports should be used. Flavors: r-devel-linux-x86_64-fedora-clang, r-devel-linux-x86_64-fedora-gcc