CRAN Package Check Results for Package blrm

Last updated on 2022-08-15 23:56:51 CEST.

Flavor Version Tinstall Tcheck Ttotal Status Flags
r-devel-linux-x86_64-debian-clang 1.0-2 7.08 45.92 53.00 OK
r-devel-linux-x86_64-debian-gcc 1.0-2 5.88 34.77 40.65 OK
r-devel-linux-x86_64-fedora-clang 1.0-2 74.44 NOTE
r-devel-linux-x86_64-fedora-gcc 1.0-2 71.83 NOTE
r-devel-windows-x86_64 1.0-2 10.00 65.00 75.00 OK
r-patched-linux-x86_64 1.0-2 4.98 45.01 49.99 OK
r-release-linux-x86_64 1.0-2 5.72 43.36 49.08 OK
r-release-macos-arm64 1.0-2 22.00 NOTE
r-release-macos-x86_64 1.0-2 30.00 NOTE
r-release-windows-x86_64 1.0-2 11.00 68.00 79.00 OK
r-oldrel-macos-arm64 1.0-2 23.00 NOTE
r-oldrel-macos-x86_64 1.0-2 30.00 NOTE
r-oldrel-windows-ix86+x86_64 1.0-2 15.00 80.00 95.00 OK

Check Details

Version: 1.0-2
Check: dependencies in R code
Result: NOTE
    Namespace in Imports field not imported from: ‘shiny’
     All declared Imports should be used.
Flavors: r-devel-linux-x86_64-fedora-clang, r-devel-linux-x86_64-fedora-gcc, r-release-macos-arm64, r-release-macos-x86_64, r-oldrel-macos-arm64, r-oldrel-macos-x86_64