CRAN Package Check Results for Package blastula

Last updated on 2021-09-27 23:50:33 CEST.

Flavor Version Tinstall Tcheck Ttotal Status Flags
r-devel-linux-x86_64-debian-clang 0.3.2 5.15 65.87 71.02 NOTE
r-devel-linux-x86_64-debian-gcc 0.3.2 3.85 53.02 56.87 NOTE
r-devel-linux-x86_64-fedora-clang 0.3.2 94.32 NOTE
r-devel-linux-x86_64-fedora-gcc 0.3.2 79.98 NOTE
r-devel-windows-x86_64 0.3.2 5.00 71.00 76.00 NOTE
r-devel-windows-x86_64-gcc10-UCRT 0.3.2 NOTE
r-patched-linux-x86_64 0.3.2 4.69 62.39 67.08 NOTE
r-patched-solaris-x86 0.3.2 121.70 NOTE
r-release-linux-x86_64 0.3.2 4.73 62.84 67.57 NOTE
r-release-macos-arm64 0.3.2 NOTE
r-release-macos-x86_64 0.3.2 NOTE
r-release-windows-ix86+x86_64 0.3.2 9.00 78.00 87.00 NOTE
r-oldrel-macos-x86_64 0.3.2 OK
r-oldrel-windows-ix86+x86_64 0.3.2 8.00 70.00 78.00 OK

Check Details

Version: 0.3.2
Check: LazyData
Result: NOTE
     'LazyData' is specified without a 'data' directory
Flavors: r-devel-linux-x86_64-debian-clang, r-devel-linux-x86_64-debian-gcc, r-devel-linux-x86_64-fedora-clang, r-devel-linux-x86_64-fedora-gcc, r-devel-windows-x86_64, r-devel-windows-x86_64-gcc10-UCRT, r-patched-linux-x86_64, r-patched-solaris-x86, r-release-linux-x86_64, r-release-macos-arm64, r-release-macos-x86_64, r-release-windows-ix86+x86_64