Last updated on 2023-06-02 01:00:20 CEST.
Flavor | Version | Tinstall | Tcheck | Ttotal | Status | Flags |
---|---|---|---|---|---|---|
r-devel-linux-x86_64-debian-clang | 0.5.1 | 15.07 | 63.53 | 78.60 | OK | |
r-devel-linux-x86_64-debian-gcc | 0.5.1 | 14.72 | 48.16 | 62.88 | OK | |
r-devel-linux-x86_64-fedora-clang | 0.5.1 | 104.93 | NOTE | |||
r-devel-linux-x86_64-fedora-gcc | 0.5.1 | 122.05 | NOTE | |||
r-devel-windows-x86_64 | 0.5.1 | 14.00 | 72.00 | 86.00 | OK | |
r-patched-linux-x86_64 | 0.5.1 | OK | ||||
r-release-linux-x86_64 | 0.5.1 | 12.00 | 59.85 | 71.85 | OK | |
r-release-macos-arm64 | 0.5.1 | 56.00 | OK | |||
r-release-macos-x86_64 | 0.5.1 | 80.00 | OK | |||
r-release-windows-x86_64 | 0.5.1 | 20.00 | 81.00 | 101.00 | OK | |
r-oldrel-macos-arm64 | 0.5.1 | 48.00 | NOTE | |||
r-oldrel-macos-x86_64 | 0.5.1 | 81.00 | NOTE | |||
r-oldrel-windows-x86_64 | 0.5.1 | 19.00 | 83.00 | 102.00 | OK |
Version: 0.5.1
Check: dependencies in R code
Result: NOTE
Namespaces in Imports field not imported from:
‘R6’ ‘knitr’
All declared Imports should be used.
Flavors: r-devel-linux-x86_64-fedora-clang, r-devel-linux-x86_64-fedora-gcc, r-oldrel-macos-arm64, r-oldrel-macos-x86_64