Last updated on 2022-07-04 23:53:19 CEST.
Flavor | Version | Tinstall | Tcheck | Ttotal | Status | Flags |
---|---|---|---|---|---|---|
r-devel-linux-x86_64-debian-clang | 1.1.1 | 171.41 | 135.90 | 307.31 | NOTE | |
r-devel-linux-x86_64-debian-gcc | 1.1.1 | 148.18 | 110.33 | 258.51 | NOTE | |
r-devel-linux-x86_64-fedora-clang | 1.1.1 | 419.75 | NOTE | |||
r-devel-linux-x86_64-fedora-gcc | 1.1.1 | 425.69 | NOTE | |||
r-devel-windows-x86_64 | 1.1.1 | 246.00 | 207.00 | 453.00 | NOTE | |
r-patched-linux-x86_64 | 1.1.1 | 167.64 | 141.05 | 308.69 | NOTE | |
r-release-linux-x86_64 | 1.1.1 | 121.98 | 138.93 | 260.91 | NOTE | |
r-release-macos-arm64 | 1.1.1 | 133.00 | NOTE | |||
r-release-macos-x86_64 | 1.1.1 | 207.00 | NOTE | |||
r-release-windows-x86_64 | 1.1.1 | 299.00 | 210.00 | 509.00 | NOTE | |
r-oldrel-macos-arm64 | 1.1.1 | 94.00 | NOTE | |||
r-oldrel-macos-x86_64 | 1.1.1 | 143.00 | NOTE | |||
r-oldrel-windows-ix86+x86_64 | 1.1.1 | 367.00 | 258.00 | 625.00 | NOTE |
Version: 1.1.1
Check: for GNU extensions in Makefiles
Result: NOTE
GNU make is a SystemRequirements.
Flavors: r-devel-linux-x86_64-debian-clang, r-devel-linux-x86_64-debian-gcc, r-devel-linux-x86_64-fedora-clang, r-devel-linux-x86_64-fedora-gcc, r-devel-windows-x86_64, r-patched-linux-x86_64, r-release-linux-x86_64, r-release-macos-arm64, r-release-macos-x86_64, r-release-windows-x86_64, r-oldrel-macos-arm64, r-oldrel-macos-x86_64, r-oldrel-windows-ix86+x86_64
Version: 1.1.1
Check: installed package size
Result: NOTE
installed size is 25.8Mb
sub-directories of 1Mb or more:
libs 24.8Mb
Flavors: r-devel-linux-x86_64-fedora-clang, r-release-macos-arm64, r-release-macos-x86_64, r-oldrel-macos-arm64, r-oldrel-macos-x86_64, r-oldrel-windows-ix86+x86_64
Version: 1.1.1
Check: dependencies in R code
Result: NOTE
Namespaces in Imports field not imported from:
‘RcppParallel’ ‘magrittr’
All declared Imports should be used.
Flavors: r-devel-linux-x86_64-fedora-clang, r-devel-linux-x86_64-fedora-gcc, r-release-macos-arm64, r-release-macos-x86_64, r-oldrel-macos-arm64, r-oldrel-macos-x86_64