Last updated on 2023-01-30 00:31:06 CET.
Flavor | Version | Tinstall | Tcheck | Ttotal | Status | Flags |
---|---|---|---|---|---|---|
r-devel-linux-x86_64-debian-clang | 1.0.2 | 122.99 | 45.73 | 168.72 | OK | |
r-devel-linux-x86_64-debian-gcc | 1.0.2 | 105.50 | 35.59 | 141.09 | NOTE | |
r-devel-linux-x86_64-fedora-clang | 1.0.2 | 287.82 | OK | |||
r-devel-linux-x86_64-fedora-gcc | 1.0.2 | 232.32 | NOTE | |||
r-devel-windows-x86_64 | 1.0.2 | 112.00 | 102.00 | 214.00 | NOTE | |
r-patched-linux-x86_64 | 1.0.2 | 112.65 | 44.90 | 157.55 | OK | |
r-release-linux-x86_64 | 1.0.2 | 110.69 | 45.97 | 156.66 | OK | |
r-release-macos-arm64 | 1.0.2 | 60.00 | NOTE | |||
r-release-macos-x86_64 | 1.0.2 | 77.00 | NOTE | |||
r-release-windows-x86_64 | 1.0.2 | 116.00 | 97.00 | 213.00 | OK | |
r-oldrel-macos-arm64 | 1.0.2 | 59.00 | NOTE | |||
r-oldrel-macos-x86_64 | 1.0.2 | 108.00 | NOTE | |||
r-oldrel-windows-ix86+x86_64 | 1.0.2 | 341.00 | 111.00 | 452.00 | OK |
Version: 1.0.2
Check: C++ specification
Result: NOTE
Specified C++11: please update to current default of C++17
Flavors: r-devel-linux-x86_64-debian-gcc, r-devel-linux-x86_64-fedora-gcc, r-devel-windows-x86_64
Version: 1.0.2
Check: installed package size
Result: NOTE
installed size is 6.6Mb
sub-directories of 1Mb or more:
libs 6.5Mb
Flavors: r-release-macos-arm64, r-release-macos-x86_64, r-oldrel-macos-arm64, r-oldrel-macos-x86_64