CRAN Package Check Results for Package biotools

Last updated on 2021-12-04 23:50:27 CET.

Flavor Version Tinstall Tcheck Ttotal Status Flags
r-devel-linux-x86_64-debian-clang 4.2 4.08 66.78 70.86 OK
r-devel-linux-x86_64-debian-gcc 4.2 3.84 51.42 55.26 OK
r-devel-linux-x86_64-fedora-clang 4.2 93.12 OK
r-devel-linux-x86_64-fedora-gcc 4.2 80.73 OK
r-devel-windows-x86_64-new-UL 4.2 15.00 106.00 121.00 OK
r-devel-windows-x86_64-new-TK 4.2 NOTE
r-devel-windows-x86_64-old 4.2 8.00 61.00 69.00 OK
r-patched-linux-x86_64 4.2 4.50 56.96 61.46 OK
r-release-linux-x86_64 4.2 3.90 56.03 59.93 OK
r-release-macos-arm64 4.2 NOTE
r-release-macos-x86_64 4.2 NOTE
r-release-windows-ix86+x86_64 4.2 8.00 83.00 91.00 OK
r-oldrel-macos-x86_64 4.2 NOTE
r-oldrel-windows-ix86+x86_64 4.2 9.00 82.00 91.00 OK

Check Details

Version: 4.2
Check: package dependencies
Result: NOTE
    Package suggested but not available for checking: 'soilphysics'
Flavor: r-devel-windows-x86_64-new-TK

Version: 4.2
Check: package dependencies
Result: NOTE
    Package suggested but not available for checking: ‘rpanel’
Flavors: r-release-macos-arm64, r-release-macos-x86_64

Version: 4.2
Check: package dependencies
Result: NOTE
    Packages suggested but not available for checking: 'soilphysics', 'rpanel'
Flavor: r-oldrel-macos-x86_64