CRAN Package Check Results for Package biostat3

Last updated on 2021-09-23 23:50:00 CEST.

Flavor Version Tinstall Tcheck Ttotal Status Flags
r-devel-linux-x86_64-debian-clang 0.1.5 12.36 92.05 104.41 OK
r-devel-linux-x86_64-debian-gcc 0.1.5 8.45 68.46 76.91 OK
r-devel-linux-x86_64-fedora-clang 0.1.5 129.97 NOTE
r-devel-linux-x86_64-fedora-gcc 0.1.5 118.13 OK
r-devel-windows-x86_64 0.1.5 14.00 83.00 97.00 NOTE
r-devel-windows-x86_64-gcc10-UCRT 0.1.5 OK
r-patched-linux-x86_64 0.1.5 16.04 86.05 102.09 OK
r-patched-solaris-x86 0.1.5 180.00 NOTE
r-release-linux-x86_64 0.1.5 9.57 85.91 95.48 OK
r-release-macos-arm64 0.1.5 NOTE
r-release-macos-x86_64 0.1.5 NOTE
r-release-windows-ix86+x86_64 0.1.5 26.00 84.00 110.00 NOTE
r-oldrel-macos-x86_64 0.1.5 NOTE
r-oldrel-windows-ix86+x86_64 0.1.5 20.00 80.00 100.00 NOTE

Check Details

Version: 0.1.5
Check: installed package size
Result: NOTE
     installed size is 6.2Mb
     sub-directories of 1Mb or more:
     doc 5.6Mb
Flavors: r-devel-linux-x86_64-fedora-clang, r-devel-windows-x86_64, r-patched-solaris-x86, r-release-macos-arm64, r-release-macos-x86_64, r-release-windows-ix86+x86_64, r-oldrel-macos-x86_64, r-oldrel-windows-ix86+x86_64