Last updated on 2023-03-29 00:57:02 CEST.
Flavor | Version | Tinstall | Tcheck | Ttotal | Status | Flags |
---|---|---|---|---|---|---|
r-devel-linux-x86_64-debian-clang | 1.1-1.1 | 4.23 | 47.36 | 51.59 | OK | |
r-devel-linux-x86_64-debian-gcc | 1.1-1.1 | 3.74 | 35.79 | 39.53 | OK | |
r-devel-linux-x86_64-fedora-clang | 1.1-1.1 | 65.88 | NOTE | |||
r-devel-linux-x86_64-fedora-gcc | 1.1-1.1 | 61.92 | NOTE | |||
r-devel-windows-x86_64 | 1.1-1.1 | 25.00 | 0.00 | 25.00 | OK | |
r-patched-linux-x86_64 | 1.1-1.1 | 5.11 | 45.34 | 50.45 | OK | |
r-release-linux-x86_64 | 1.1-1.1 | 4.21 | 44.91 | 49.12 | OK | |
r-release-macos-arm64 | 1.1-1.1 | 31.00 | OK | |||
r-release-macos-x86_64 | 1.1-1.1 | 32.00 | OK | |||
r-release-windows-x86_64 | 1.1-1.1 | 21.00 | 76.00 | 97.00 | OK | |
r-oldrel-macos-arm64 | 1.1-1.1 | 31.00 | OK | |||
r-oldrel-macos-x86_64 | 1.1-1.1 | 29.00 | OK | |||
r-oldrel-windows-ix86+x86_64 | 1.1-1.1 | 10.00 | 84.00 | 94.00 | OK |
Version: 1.1-1.1
Check: compiled code
Result: NOTE
File ‘binom/libs/binom.so’:
Found no calls to: ‘R_registerRoutines’, ‘R_useDynamicSymbols’
It is good practice to register native routines and to disable symbol
search.
See ‘Writing portable packages’ in the ‘Writing R Extensions’ manual.
Flavors: r-devel-linux-x86_64-fedora-clang, r-devel-linux-x86_64-fedora-gcc