Last updated on 2023-09-21 00:56:26 CEST.
Flavor | Version | Tinstall | Tcheck | Ttotal | Status | Flags |
---|---|---|---|---|---|---|
r-devel-linux-x86_64-debian-clang | 0.3.2 | 90.80 | 60.89 | 151.69 | OK | |
r-devel-linux-x86_64-debian-gcc | 0.3.2 | 80.25 | 45.22 | 125.47 | OK | |
r-devel-linux-x86_64-fedora-clang | 0.3.2 | 209.90 | OK | |||
r-devel-linux-x86_64-fedora-gcc | 0.3.2 | 249.15 | OK | |||
r-devel-windows-x86_64 | 0.3.2 | 77.00 | 91.00 | 168.00 | OK | |
r-patched-linux-x86_64 | 0.3.2 | 106.52 | 58.13 | 164.65 | OK | |
r-release-linux-x86_64 | 0.3.2 | 98.86 | 58.68 | 157.54 | OK | |
r-release-macos-arm64 | 0.3.2 | 83.00 | NOTE | |||
r-release-macos-x86_64 | 0.3.2 | 145.00 | NOTE | |||
r-release-windows-x86_64 | 0.3.2 | 101.00 | 102.00 | 203.00 | OK | |
r-oldrel-macos-arm64 | 0.3.2 | 64.00 | NOTE | |||
r-oldrel-macos-x86_64 | 0.3.2 | 75.00 | NOTE | |||
r-oldrel-windows-x86_64 | 0.3.2 | 89.00 | 99.00 | 188.00 | OK |
Version: 0.3.2
Check: installed package size
Result: NOTE
installed size is 9.2Mb
sub-directories of 1Mb or more:
libs 9.0Mb
Flavors: r-release-macos-arm64, r-release-macos-x86_64, r-oldrel-macos-arm64, r-oldrel-macos-x86_64