CRAN Package Check Results for Package bignum

Last updated on 2022-10-06 23:56:02 CEST.

Flavor Version Tinstall Tcheck Ttotal Status Flags
r-devel-linux-x86_64-debian-clang 0.3.0 88.05 58.02 146.07 OK
r-devel-linux-x86_64-debian-gcc 0.3.0 82.09 43.45 125.54 OK
r-devel-linux-x86_64-fedora-clang 0.3.0 230.26 OK
r-devel-linux-x86_64-fedora-gcc 0.3.0 218.16 OK
r-devel-windows-x86_64 0.3.0 88.00 125.00 213.00 OK
r-patched-linux-x86_64 0.3.0 79.67 54.65 134.32 OK
r-release-linux-x86_64 0.3.0 80.02 54.03 134.05 OK
r-release-macos-arm64 0.3.0 55.00 NOTE
r-release-macos-x86_64 0.3.0 75.00 NOTE
r-release-windows-x86_64 0.3.0 81.00 111.00 192.00 OK
r-oldrel-macos-arm64 0.3.0 58.00 NOTE
r-oldrel-macos-x86_64 0.3.0 92.00 NOTE
r-oldrel-windows-ix86+x86_64 0.3.0 200.00 134.00 334.00 OK

Check Details

Version: 0.3.0
Check: installed package size
Result: NOTE
     installed size is 9.1Mb
     sub-directories of 1Mb or more:
     libs 8.8Mb
Flavors: r-release-macos-arm64, r-release-macos-x86_64, r-oldrel-macos-arm64, r-oldrel-macos-x86_64