CRAN Package Check Results for Package bfsMaps

Last updated on 2021-09-24 23:53:41 CEST.

Flavor Version Tinstall Tcheck Ttotal Status Flags
r-devel-linux-x86_64-debian-clang 0.9.6 18.91 193.87 212.78 OK
r-devel-linux-x86_64-debian-gcc 0.9.6 14.69 145.29 159.98 OK
r-devel-linux-x86_64-fedora-clang 0.9.6 271.70 NOTE
r-devel-linux-x86_64-fedora-gcc 0.9.6 258.77 NOTE
r-devel-windows-x86_64 0.9.6 25.00 174.00 199.00 OK
r-devel-windows-x86_64-gcc10-UCRT 0.9.6 NOTE
r-patched-linux-x86_64 0.9.6 20.03 173.70 193.73 OK
r-patched-solaris-x86 0.9.6 334.80 NOTE
r-release-linux-x86_64 0.9.6 17.56 174.02 191.58 OK
r-release-macos-arm64 0.9.6 NOTE
r-release-macos-x86_64 0.9.6 NOTE
r-release-windows-ix86+x86_64 0.9.6 53.00 225.00 278.00 OK
r-oldrel-macos-x86_64 0.9.6 NOTE
r-oldrel-windows-ix86+x86_64 0.9.6 35.00 158.00 193.00 OK

Check Details

Version: 0.9.6
Check: data for non-ASCII characters
Result: NOTE
     Note: found 10089 marked Latin-1 strings
Flavors: r-devel-linux-x86_64-fedora-clang, r-devel-linux-x86_64-fedora-gcc, r-devel-windows-x86_64-gcc10-UCRT, r-patched-solaris-x86, r-release-macos-arm64, r-release-macos-x86_64, r-oldrel-macos-x86_64