CRAN Package Check Results for Package benford.analysis

Last updated on 2024-06-14 00:53:36 CEST.

Flavor Version Tinstall Tcheck Ttotal Status Flags
r-devel-linux-x86_64-debian-clang 0.1.5 2.83 48.02 50.85 OK
r-devel-linux-x86_64-debian-gcc 0.1.5 2.45 37.87 40.32 ERROR
r-devel-linux-x86_64-fedora-clang 0.1.5 72.19 OK
r-devel-linux-x86_64-fedora-gcc 0.1.5 66.65 OK
r-devel-windows-x86_64 0.1.5 4.00 62.00 66.00 OK
r-patched-linux-x86_64 0.1.5 3.89 53.72 57.61 OK
r-release-linux-x86_64 0.1.5 3.03 52.92 55.95 OK
r-release-macos-arm64 0.1.5 24.00 OK
r-release-macos-x86_64 0.1.5 56.00 OK
r-release-windows-x86_64 0.1.5 5.00 63.00 68.00 OK
r-oldrel-macos-arm64 0.1.5 26.00 OK
r-oldrel-macos-x86_64 0.1.5 40.00 OK
r-oldrel-windows-x86_64 0.1.5 4.00 78.00 82.00 OK

Check Details

Version: 0.1.5
Check: package dependencies
Result: NOTE Package suggested but not available for checking: ‘testthat’ Flavor: r-devel-linux-x86_64-debian-gcc

Version: 0.1.5
Check: tests
Result: ERROR Running ‘run-all.R’ [0s/1s] Running the tests in ‘tests/run-all.R’ failed. Complete output: > library(testthat) Error in library(testthat) : there is no package called 'testthat' Execution halted Flavor: r-devel-linux-x86_64-debian-gcc