Last updated on 2023-01-30 23:56:12 CET.
Flavor | Version | Tinstall | Tcheck | Ttotal | Status | Flags |
---|---|---|---|---|---|---|
r-devel-linux-x86_64-debian-clang | 0.0.1 | 238.95 | 112.83 | 351.78 | NOTE | |
r-devel-linux-x86_64-debian-gcc | 0.0.1 | 215.80 | 95.43 | 311.23 | NOTE | |
r-devel-linux-x86_64-fedora-clang | 0.0.1 | 440.55 | NOTE | |||
r-devel-linux-x86_64-fedora-gcc | 0.0.1 | 505.55 | NOTE | |||
r-devel-windows-x86_64 | 0.0.1 | 205.00 | 187.00 | 392.00 | NOTE | |
r-patched-linux-x86_64 | 0.0.1 | 203.22 | 120.75 | 323.97 | NOTE | |
r-release-linux-x86_64 | 0.0.1 | 184.60 | 120.67 | 305.27 | NOTE | |
r-release-macos-arm64 | 0.0.1 | 130.00 | NOTE | |||
r-release-macos-x86_64 | 0.0.1 | 230.00 | NOTE | |||
r-release-windows-x86_64 | 0.0.1 | 183.00 | 192.00 | 375.00 | NOTE | |
r-oldrel-macos-arm64 | 0.0.1 | 148.00 | NOTE | |||
r-oldrel-macos-x86_64 | 0.0.1 | 264.00 | NOTE | |||
r-oldrel-windows-ix86+x86_64 | 0.0.1 | 530.00 | 235.00 | 765.00 | NOTE |
Version: 0.0.1
Check: for GNU extensions in Makefiles
Result: NOTE
GNU make is a SystemRequirements.
Flavors: r-devel-linux-x86_64-debian-clang, r-devel-linux-x86_64-debian-gcc, r-devel-linux-x86_64-fedora-clang, r-devel-linux-x86_64-fedora-gcc, r-devel-windows-x86_64, r-patched-linux-x86_64, r-release-linux-x86_64, r-release-macos-arm64, r-release-macos-x86_64, r-release-windows-x86_64, r-oldrel-macos-arm64, r-oldrel-macos-x86_64, r-oldrel-windows-ix86+x86_64
Version: 0.0.1
Check: C++ specification
Result: NOTE
Specified C++14: please update to current default of C++17
Flavors: r-devel-linux-x86_64-debian-gcc, r-devel-linux-x86_64-fedora-clang, r-devel-linux-x86_64-fedora-gcc, r-devel-windows-x86_64
Version: 0.0.1
Check: dependencies in R code
Result: NOTE
Namespace in Imports field not imported from: ‘rstantools’
All declared Imports should be used.
Flavors: r-devel-linux-x86_64-fedora-clang, r-devel-linux-x86_64-fedora-gcc, r-release-macos-arm64, r-release-macos-x86_64, r-oldrel-macos-arm64, r-oldrel-macos-x86_64
Version: 0.0.1
Check: installed package size
Result: NOTE
installed size is 42.6Mb
sub-directories of 1Mb or more:
libs 42.3Mb
Flavors: r-release-macos-arm64, r-release-macos-x86_64, r-oldrel-macos-arm64, r-oldrel-macos-x86_64, r-oldrel-windows-ix86+x86_64