CRAN Package Check Results for Package bdl

Last updated on 2021-10-16 23:49:16 CEST.

Flavor Version Tinstall Tcheck Ttotal Status Flags
r-devel-linux-x86_64-debian-clang 1.0.3 31.03 297.89 328.92 NOTE
r-devel-linux-x86_64-debian-gcc 1.0.3 25.05 221.96 247.01 NOTE
r-devel-linux-x86_64-fedora-clang 1.0.3 397.65 NOTE
r-devel-linux-x86_64-fedora-gcc 1.0.3 207.31 NOTE
r-devel-windows-x86_64 1.0.3 47.00 151.00 198.00 NOTE
r-devel-windows-x86_64-gcc10-UCRT 1.0.3 NOTE
r-patched-linux-x86_64 1.0.3 30.85 284.46 315.31 NOTE
r-patched-solaris-x86 1.0.3 306.90 NOTE
r-release-linux-x86_64 1.0.3 27.80 284.30 312.10 NOTE
r-release-macos-arm64 1.0.3 NOTE
r-release-macos-x86_64 1.0.3 NOTE
r-release-windows-ix86+x86_64 1.0.3 78.00 355.00 433.00 NOTE
r-oldrel-macos-x86_64 1.0.3 OK
r-oldrel-windows-ix86+x86_64 1.0.3 47.00 214.00 261.00 OK

Check Details

Version: 1.0.3
Check: LazyData
Result: NOTE
     'LazyData' is specified without a 'data' directory
Flavors: r-devel-linux-x86_64-debian-clang, r-devel-linux-x86_64-debian-gcc, r-devel-linux-x86_64-fedora-clang, r-devel-linux-x86_64-fedora-gcc, r-devel-windows-x86_64, r-devel-windows-x86_64-gcc10-UCRT, r-patched-linux-x86_64, r-patched-solaris-x86, r-release-linux-x86_64, r-release-macos-arm64, r-release-macos-x86_64, r-release-windows-ix86+x86_64