CRAN Package Check Results for Package bbsBayes

Last updated on 2022-05-16 23:55:26 CEST.

Flavor Version Tinstall Tcheck Ttotal Status Flags
r-devel-linux-x86_64-debian-clang 2.4.1 17.95 191.53 209.48 OK
r-devel-linux-x86_64-debian-gcc 2.4.1 16.15 141.26 157.41 OK
r-devel-linux-x86_64-fedora-clang 2.4.1 245.31 NOTE
r-devel-linux-x86_64-fedora-gcc 2.4.1 238.01 NOTE
r-devel-windows-x86_64 2.4.1 74.00 200.00 274.00 OK
r-patched-linux-x86_64 2.4.1 17.75 182.99 200.74 OK
r-release-linux-x86_64 2.4.1 16.25 181.63 197.88 OK
r-release-macos-arm64 2.4.1 82.00 NOTE
r-release-macos-x86_64 2.4.1 94.00 NOTE
r-release-windows-x86_64 2.4.1 51.00 200.00 251.00 OK
r-oldrel-macos-arm64 2.4.1 73.00 NOTE
r-oldrel-macos-x86_64 2.4.1 96.00 NOTE
r-oldrel-windows-ix86+x86_64 2.4.1 47.00 197.00 244.00 OK

Additional issues

donttest

Check Details

Version: 2.4.1
Check: dependencies in R code
Result: NOTE
    Namespaces in Imports field not imported from:
     ‘latticeExtra’ ‘rgdal’
     All declared Imports should be used.
Flavors: r-devel-linux-x86_64-fedora-clang, r-devel-linux-x86_64-fedora-gcc, r-release-macos-arm64, r-release-macos-x86_64, r-oldrel-macos-arm64, r-oldrel-macos-x86_64