CRAN Package Check Results for Package bayestestR

Last updated on 2023-10-04 00:58:17 CEST.

Flavor Version Tinstall Tcheck Ttotal Status Flags
r-devel-linux-x86_64-debian-clang 0.13.1 17.28 204.27 221.55 OK
r-devel-linux-x86_64-debian-gcc 0.13.1 12.28 152.89 165.17 OK
r-devel-linux-x86_64-fedora-clang 0.13.1 279.15 OK
r-devel-linux-x86_64-fedora-gcc 0.13.1 277.44 OK
r-devel-windows-x86_64 0.13.1 13.00 164.00 177.00 OK
r-patched-linux-x86_64 0.13.1 18.42 196.63 215.05 NOTE
r-release-linux-x86_64 0.13.1 12.27 200.93 213.20 OK
r-release-macos-arm64 0.13.1 63.00 OK
r-release-macos-x86_64 0.13.1 147.00 OK
r-release-windows-x86_64 0.13.1 26.00 198.00 224.00 OK
r-oldrel-macos-arm64 0.13.1 60.00 OK
r-oldrel-macos-x86_64 0.13.1 81.00 OK
r-oldrel-windows-x86_64 0.13.1 17.00 190.00 207.00 OK

Check Details

Version: 0.13.1
Check: package dependencies
Result: NOTE
    Package suggested but not available for checking: ‘blavaan’
Flavor: r-patched-linux-x86_64