CRAN Package Check Results for Package bayesLife

Last updated on 2024-06-16 23:48:52 CEST.

Flavor Version Tinstall Tcheck Ttotal Status Flags
r-devel-linux-x86_64-debian-clang 5.2-0 12.95 96.80 109.75 NOTE
r-devel-linux-x86_64-debian-gcc 5.2-0 10.24 71.50 81.74 NOTE
r-devel-linux-x86_64-fedora-clang 5.2-0 142.23 NOTE
r-devel-linux-x86_64-fedora-gcc 5.2-0 127.94 NOTE
r-devel-windows-x86_64 5.2-0 16.00 101.00 117.00 NOTE
r-patched-linux-x86_64 5.2-0 15.97 93.05 109.02 NOTE
r-release-linux-x86_64 5.2-0 11.48 95.52 107.00 NOTE
r-release-macos-arm64 5.2-0 40.00 NOTE
r-release-macos-x86_64 5.2-0 58.00 NOTE
r-release-windows-x86_64 5.2-0 17.00 102.00 119.00 NOTE
r-oldrel-macos-arm64 5.2-0 43.00 OK
r-oldrel-macos-x86_64 5.2-0 107.00 OK
r-oldrel-windows-x86_64 5.2-0 22.00 124.00 146.00 OK

Check Details

Version: 5.2-0
Check: Rd files
Result: NOTE checkRd: (-1) convert.trajectories.Rd:21: Lost braces in \itemize; meant \describe ? checkRd: (-1) convert.trajectories.Rd:22: Lost braces in \itemize; meant \describe ? checkRd: (-1) convert.trajectories.Rd:23: Lost braces in \itemize; meant \describe ? checkRd: (-1) convert.trajectories.Rd:24: Lost braces in \itemize; meant \describe ? checkRd: (-1) convert.trajectories.Rd:25: Lost braces in \itemize; meant \describe ? checkRd: (-1) write.projection.summary.Rd:21: Lost braces in \itemize; meant \describe ? checkRd: (-1) write.projection.summary.Rd:22: Lost braces in \itemize; meant \describe ? checkRd: (-1) write.projection.summary.Rd:23: Lost braces in \itemize; meant \describe ? checkRd: (-1) write.projection.summary.Rd:24: Lost braces in \itemize; meant \describe ? checkRd: (-1) write.projection.summary.Rd:25: Lost braces in \itemize; meant \describe ? checkRd: (-1) write.projection.summary.Rd:26: Lost braces in \itemize; meant \describe ? checkRd: (-1) write.projection.summary.Rd:30: Lost braces in \itemize; meant \describe ? checkRd: (-1) write.projection.summary.Rd:31: Lost braces in \itemize; meant \describe ? checkRd: (-1) write.projection.summary.Rd:32: Lost braces in \itemize; meant \describe ? checkRd: (-1) write.projection.summary.Rd:33: Lost braces in \itemize; meant \describe ? checkRd: (-1) write.projection.summary.Rd:34: Lost braces in \itemize; meant \describe ? Flavors: r-devel-linux-x86_64-debian-clang, r-devel-linux-x86_64-debian-gcc, r-devel-linux-x86_64-fedora-clang, r-devel-linux-x86_64-fedora-gcc, r-devel-windows-x86_64, r-patched-linux-x86_64, r-release-linux-x86_64, r-release-macos-arm64, r-release-macos-x86_64, r-release-windows-x86_64