Last updated on 2025-01-17 00:49:01 CET.
Flavor | Version | Tinstall | Tcheck | Ttotal | Status | Flags |
---|---|---|---|---|---|---|
r-devel-linux-x86_64-debian-clang | 1.3.7 | 43.65 | 147.50 | 191.15 | OK | |
r-devel-linux-x86_64-debian-gcc | 1.3.7 | 29.62 | 109.18 | 138.80 | OK | |
r-devel-linux-x86_64-fedora-clang | 1.3.7 | 326.31 | OK | |||
r-devel-linux-x86_64-fedora-gcc | 1.3.7 | 343.00 | OK | |||
r-devel-windows-x86_64 | 1.3.7 | 34.00 | 140.00 | 174.00 | OK | |
r-patched-linux-x86_64 | 1.3.7 | 40.75 | 138.62 | 179.37 | OK | |
r-release-linux-x86_64 | 1.3.7 | 41.15 | 136.60 | 177.75 | OK | |
r-release-macos-arm64 | 1.3.7 | 82.00 | NOTE | |||
r-release-macos-x86_64 | 1.3.7 | 208.00 | NOTE | |||
r-release-windows-x86_64 | 1.3.7 | 46.00 | 147.00 | 193.00 | OK | |
r-oldrel-macos-arm64 | 1.3.7 | 83.00 | NOTE | |||
r-oldrel-macos-x86_64 | 1.3.7 | 163.00 | NOTE | |||
r-oldrel-windows-x86_64 | 1.3.7 | 52.00 | 186.00 | 238.00 | OK |
Version: 1.3.7
Check: installed package size
Result: NOTE
installed size is 5.3Mb
sub-directories of 1Mb or more:
doc 2.2Mb
libs 2.4Mb
Flavors: r-release-macos-arm64, r-release-macos-x86_64, r-oldrel-macos-arm64, r-oldrel-macos-x86_64