Last updated on 2023-02-03 23:51:26 CET.
Flavor | Version | Tinstall | Tcheck | Ttotal | Status | Flags |
---|---|---|---|---|---|---|
r-devel-linux-x86_64-debian-clang | 1.2.8 | 529.02 | 353.38 | 882.40 | NOTE | |
r-devel-linux-x86_64-debian-gcc | 1.2.8 | 501.21 | 271.42 | 772.63 | NOTE | |
r-devel-linux-x86_64-fedora-clang | 1.2.8 | 1118.67 | NOTE | |||
r-devel-linux-x86_64-fedora-gcc | 1.2.8 | 1340.74 | NOTE | |||
r-devel-windows-x86_64 | 1.2.8 | 496.00 | 495.00 | 991.00 | NOTE | |
r-patched-linux-x86_64 | 1.2.8 | 475.42 | 360.91 | 836.33 | NOTE | |
r-release-linux-x86_64 | 1.2.8 | 438.04 | 346.67 | 784.71 | NOTE | |
r-release-macos-arm64 | 1.2.8 | 328.00 | NOTE | |||
r-release-macos-x86_64 | 1.2.8 | 527.00 | NOTE | |||
r-release-windows-x86_64 | 1.2.8 | 429.00 | 471.00 | 900.00 | NOTE | |
r-oldrel-macos-arm64 | 1.2.8 | 350.00 | NOTE | |||
r-oldrel-macos-x86_64 | 1.2.8 | 403.00 | NOTE | |||
r-oldrel-windows-ix86+x86_64 | 1.2.8 | 646.00 | 454.00 | 1100.00 | NOTE |
Version: 1.2.8
Check: C++ specification
Result: NOTE
Specified C++14: please update to current default of C++17
Flavors: r-devel-linux-x86_64-debian-clang, r-devel-linux-x86_64-debian-gcc, r-devel-linux-x86_64-fedora-clang, r-devel-linux-x86_64-fedora-gcc, r-devel-windows-x86_64
Version: 1.2.8
Check: for GNU extensions in Makefiles
Result: NOTE
GNU make is a SystemRequirements.
Flavors: r-devel-linux-x86_64-debian-clang, r-devel-linux-x86_64-debian-gcc, r-devel-linux-x86_64-fedora-clang, r-devel-linux-x86_64-fedora-gcc, r-devel-windows-x86_64, r-patched-linux-x86_64, r-release-linux-x86_64, r-release-macos-arm64, r-release-macos-x86_64, r-release-windows-x86_64, r-oldrel-macos-arm64, r-oldrel-macos-x86_64, r-oldrel-windows-ix86+x86_64
Version: 1.2.8
Check: installed package size
Result: NOTE
installed size is 7.6Mb
sub-directories of 1Mb or more:
libs 5.6Mb
Flavors: r-devel-linux-x86_64-fedora-clang, r-devel-windows-x86_64, r-release-macos-arm64, r-release-macos-x86_64, r-release-windows-x86_64, r-oldrel-macos-arm64, r-oldrel-macos-x86_64, r-oldrel-windows-ix86+x86_64
Version: 1.2.8
Check: dependencies in R code
Result: NOTE
Namespaces in Imports field not imported from:
‘scales’ ‘utils’
All declared Imports should be used.
Flavors: r-devel-linux-x86_64-fedora-clang, r-devel-linux-x86_64-fedora-gcc, r-release-macos-arm64, r-release-macos-x86_64, r-oldrel-macos-arm64, r-oldrel-macos-x86_64