CRAN Package Check Results for Package bayMDS

Last updated on 2024-06-24 00:50:03 CEST.

Flavor Version Tinstall Tcheck Ttotal Status Flags
r-devel-linux-x86_64-debian-clang 2.0 37.76 48.02 85.78 NOTE
r-devel-linux-x86_64-debian-gcc 2.0 23.32 36.64 59.96 NOTE
r-devel-linux-x86_64-fedora-clang 2.0 123.01 NOTE
r-devel-linux-x86_64-fedora-gcc 2.0 119.27 NOTE
r-devel-windows-x86_64 2.0 32.00 76.00 108.00 NOTE
r-patched-linux-x86_64 2.0 34.88 46.11 80.99 NOTE
r-release-linux-x86_64 2.0 28.23 47.15 75.38 NOTE
r-release-macos-arm64 2.0 30.00 NOTE
r-release-macos-x86_64 2.0 50.00 NOTE
r-release-windows-x86_64 2.0 32.00 82.00 114.00 NOTE
r-oldrel-macos-arm64 2.0 39.00 NOTE
r-oldrel-macos-x86_64 2.0 54.00 NOTE
r-oldrel-windows-x86_64 2.0 39.00 93.00 132.00 NOTE

Check Details

Version: 2.0
Check: C++ specification
Result: NOTE Specified C++11: please drop specification unless essential Flavors: r-devel-linux-x86_64-debian-clang, r-devel-linux-x86_64-debian-gcc, r-devel-linux-x86_64-fedora-clang, r-devel-linux-x86_64-fedora-gcc, r-devel-windows-x86_64, r-patched-linux-x86_64, r-release-linux-x86_64, r-release-macos-arm64, r-release-macos-x86_64, r-release-windows-x86_64, r-oldrel-macos-arm64, r-oldrel-macos-x86_64, r-oldrel-windows-x86_64