Last updated on 2023-10-04 00:58:16 CEST.
Flavor | Version | Tinstall | Tcheck | Ttotal | Status | Flags |
---|---|---|---|---|---|---|
r-devel-linux-x86_64-debian-clang | 0.9.17 | 14.92 | 164.29 | 179.21 | OK | |
r-devel-linux-x86_64-debian-gcc | 0.9.17 | 10.85 | 121.35 | 132.20 | OK | |
r-devel-linux-x86_64-fedora-clang | 0.9.17 | 216.04 | NOTE | |||
r-devel-linux-x86_64-fedora-gcc | 0.9.17 | 243.83 | OK | |||
r-devel-windows-x86_64 | 0.9.17 | 17.00 | 170.00 | 187.00 | OK | |
r-patched-linux-x86_64 | 0.9.17 | 21.34 | 155.38 | 176.72 | OK | |
r-release-linux-x86_64 | 0.9.17 | 16.87 | 156.51 | 173.38 | OK | |
r-release-macos-arm64 | 0.9.17 | 92.00 | NOTE | |||
r-release-macos-x86_64 | 0.9.17 | 158.00 | NOTE | |||
r-release-windows-x86_64 | 0.9.17 | 19.00 | 202.00 | 221.00 | OK | |
r-oldrel-macos-arm64 | 0.9.17 | 84.00 | NOTE | |||
r-oldrel-macos-x86_64 | 0.9.17 | 113.00 | NOTE | |||
r-oldrel-windows-x86_64 | 0.9.17 | 20.00 | 190.00 | 210.00 | OK |
Version: 0.9.17
Check: Rd cross-references
Result: NOTE
Undeclared package ‘Rmpi’ in Rd xrefs
Flavor: r-devel-linux-x86_64-fedora-clang
Version: 0.9.17
Check: package dependencies
Result: NOTE
Package suggested but not available for checking: ‘doMPI’
Flavors: r-release-macos-arm64, r-release-macos-x86_64, r-oldrel-macos-arm64, r-oldrel-macos-x86_64
Version: 0.9.17
Check: Rd cross-references
Result: NOTE
Package unavailable to check Rd xrefs: ‘Rmpi’
Flavors: r-release-macos-arm64, r-release-macos-x86_64, r-oldrel-macos-arm64, r-oldrel-macos-x86_64