Last updated on 2023-01-27 23:37:52 CET.
Flavor | Version | Tinstall | Tcheck | Ttotal | Status | Flags |
---|---|---|---|---|---|---|
r-devel-linux-x86_64-debian-clang | 1.0.1 | 289.51 | 102.44 | 391.95 | OK | |
r-devel-linux-x86_64-debian-gcc | 1.0.1 | 220.03 | 71.15 | 291.18 | NOTE | |
r-devel-linux-x86_64-fedora-clang | 1.0.1 | 612.27 | OK | |||
r-devel-linux-x86_64-fedora-gcc | 1.0.1 | 669.49 | NOTE | |||
r-devel-windows-x86_64 | 1.0.1 | 232.00 | 162.00 | 394.00 | OK | |
r-patched-linux-x86_64 | 1.0.1 | 207.73 | 90.32 | 298.05 | OK | |
r-release-linux-x86_64 | 1.0.1 | 188.83 | 221.39 | 410.22 | OK | |
r-release-macos-arm64 | 1.0.1 | 154.00 | NOTE | |||
r-release-macos-x86_64 | 1.0.1 | 198.00 | NOTE | |||
r-release-windows-x86_64 | 1.0.1 | 233.00 | 294.00 | 527.00 | OK | |
r-oldrel-macos-arm64 | 1.0.1 | 140.00 | NOTE | |||
r-oldrel-macos-x86_64 | 1.0.1 | 200.00 | NOTE | |||
r-oldrel-windows-ix86+x86_64 | 1.0.1 | 699.00 | 210.00 | 909.00 | OK |
Version: 1.0.1
Check: C++ specification
Result: NOTE
Specified C++14: please update to current default of C++17
Flavors: r-devel-linux-x86_64-debian-gcc, r-devel-linux-x86_64-fedora-gcc
Version: 1.0.1
Check: installed package size
Result: NOTE
installed size is 13.1Mb
sub-directories of 1Mb or more:
libs 12.6Mb
Flavors: r-release-macos-arm64, r-release-macos-x86_64, r-oldrel-macos-arm64, r-oldrel-macos-x86_64