Last updated on 2023-05-30 00:59:39 CEST.
Flavor | Version | Tinstall | Tcheck | Ttotal | Status | Flags |
---|---|---|---|---|---|---|
r-devel-linux-x86_64-debian-clang | 0.4.3 | 73.20 | 540.95 | 614.15 | NOTE | |
r-devel-linux-x86_64-debian-gcc | 0.4.3 | 60.75 | 378.98 | 439.73 | NOTE | |
r-devel-linux-x86_64-fedora-clang | 0.4.3 | 781.96 | NOTE | |||
r-devel-linux-x86_64-fedora-gcc | 0.4.3 | 740.11 | NOTE | |||
r-devel-windows-x86_64 | 0.4.3 | 62.00 | 442.00 | 504.00 | NOTE | |
r-patched-linux-x86_64 | 0.4.3 | 63.13 | 480.55 | 543.68 | NOTE | |
r-release-linux-x86_64 | 0.4.3 | 68.76 | 490.02 | 558.78 | NOTE | |
r-release-macos-arm64 | 0.4.3 | 224.00 | NOTE | |||
r-release-macos-x86_64 | 0.4.3 | 422.00 | NOTE | |||
r-release-windows-x86_64 | 0.4.3 | 82.00 | 612.00 | 694.00 | NOTE | |
r-oldrel-macos-arm64 | 0.4.3 | 209.00 | OK | |||
r-oldrel-macos-x86_64 | 0.4.3 | 296.00 | OK | |||
r-oldrel-windows-x86_64 | 0.4.3 | 83.00 | 591.00 | 674.00 | OK |
Version: 0.4.3
Check: C++ specification
Result: NOTE
Specified C++11: please drop specification unless essential
Flavors: r-devel-linux-x86_64-debian-clang, r-devel-linux-x86_64-debian-gcc, r-devel-linux-x86_64-fedora-clang, r-devel-linux-x86_64-fedora-gcc, r-devel-windows-x86_64, r-patched-linux-x86_64, r-release-linux-x86_64, r-release-macos-arm64, r-release-macos-x86_64, r-release-windows-x86_64