CRAN Package Check Results for Package bamlss

Last updated on 2022-09-28 23:55:38 CEST.

Flavor Version Tinstall Tcheck Ttotal Status Flags
r-devel-linux-x86_64-debian-clang 1.1-8 63.95 418.25 482.20 OK
r-devel-linux-x86_64-debian-gcc 1.1-8 66.75 297.87 364.62 OK
r-devel-linux-x86_64-fedora-clang 1.1-8 624.87 NOTE
r-devel-linux-x86_64-fedora-gcc 1.1-8 637.94 OK
r-devel-windows-x86_64 1.1-8 131.00 400.00 531.00 NOTE
r-patched-linux-x86_64 1.1-8 75.61 400.75 476.36 OK
r-release-linux-x86_64 1.1-8 81.10 397.91 479.01 OK
r-release-macos-arm64 1.1-8 125.00 NOTE
r-release-macos-x86_64 1.1-8 178.00 NOTE
r-release-windows-x86_64 1.1-8 111.00 435.00 546.00 NOTE
r-oldrel-macos-arm64 1.1-8 116.00 NOTE
r-oldrel-macos-x86_64 1.1-8 166.00 NOTE
r-oldrel-windows-ix86+x86_64 1.1-8 131.00 482.00 613.00 NOTE

Check Details

Version: 1.1-8
Check: installed package size
Result: NOTE
     installed size is 6.1Mb
     sub-directories of 1Mb or more:
     R 2.5Mb
     data 1.3Mb
     doc 1.8Mb
Flavors: r-devel-linux-x86_64-fedora-clang, r-devel-windows-x86_64, r-release-macos-arm64, r-release-macos-x86_64, r-release-windows-x86_64, r-oldrel-macos-arm64, r-oldrel-macos-x86_64, r-oldrel-windows-ix86+x86_64

Version: 1.1-8
Check: Rd cross-references
Result: NOTE
    Undeclared package ‘akima’ in Rd xrefs
Flavor: r-devel-linux-x86_64-fedora-clang