CRAN Package Check Results for Package baRulho

Last updated on 2022-05-21 23:50:52 CEST.

Flavor Version Tinstall Tcheck Ttotal Status Flags
r-devel-linux-x86_64-debian-clang 1.0.6 8.95 141.51 150.46 OK
r-devel-linux-x86_64-debian-gcc 1.0.6 8.37 103.51 111.88 OK
r-devel-linux-x86_64-fedora-clang 1.0.6 178.01 NOTE
r-devel-linux-x86_64-fedora-gcc 1.0.6 171.66 OK
r-devel-windows-x86_64 1.0.6 45.00 175.00 220.00 OK
r-patched-linux-x86_64 1.0.6 12.26 134.40 146.66 OK
r-release-linux-x86_64 1.0.6 9.39 133.31 142.70 OK
r-release-macos-arm64 1.0.6 71.00 OK
r-release-macos-x86_64 1.0.6 772.00 OK
r-release-windows-x86_64 1.0.6 20.00 182.00 202.00 OK
r-oldrel-macos-arm64 1.0.6 62.00 OK
r-oldrel-macos-x86_64 1.0.6 10.00 ERROR
r-oldrel-windows-ix86+x86_64 1.0.6 19.00 163.00 182.00 OK

Check Details

Version: 1.0.6
Check: Rd cross-references
Result: NOTE
    Undeclared package ‘Rraven’ in Rd xrefs
Flavor: r-devel-linux-x86_64-fedora-clang

Version: 1.0.6
Check: package dependencies
Result: ERROR
    Package required and available but unsuitable version: ‘warbleR’
    
    See section ‘The DESCRIPTION file’ in the ‘Writing R Extensions’
    manual.
Flavor: r-oldrel-macos-x86_64