CRAN Package Check Results for Package aws.lambda

Last updated on 2021-09-24 23:53:41 CEST.

Flavor Version Tinstall Tcheck Ttotal Status Flags
r-devel-linux-x86_64-debian-clang 0.2.0 2.51 27.27 29.78 NOTE
r-devel-linux-x86_64-debian-gcc 0.2.0 2.03 21.78 23.81 NOTE
r-devel-linux-x86_64-fedora-clang 0.2.0 44.19 NOTE
r-devel-linux-x86_64-fedora-gcc 0.2.0 33.58 NOTE
r-devel-windows-x86_64 0.2.0 7.00 50.00 57.00 NOTE
r-devel-windows-x86_64-gcc10-UCRT 0.2.0 NOTE
r-patched-linux-x86_64 0.2.0 2.26 26.86 29.12 NOTE
r-patched-solaris-x86 0.2.0 57.80 NOTE
r-release-linux-x86_64 0.2.0 2.50 26.66 29.16 NOTE
r-release-macos-arm64 0.2.0 NOTE
r-release-macos-x86_64 0.2.0 NOTE
r-release-windows-ix86+x86_64 0.2.0 10.00 57.00 67.00 NOTE
r-oldrel-macos-x86_64 0.2.0 OK
r-oldrel-windows-ix86+x86_64 0.2.0 10.00 50.00 60.00 OK

Check Details

Version: 0.2.0
Check: LazyData
Result: NOTE
     'LazyData' is specified without a 'data' directory
Flavors: r-devel-linux-x86_64-debian-clang, r-devel-linux-x86_64-debian-gcc, r-devel-linux-x86_64-fedora-clang, r-devel-linux-x86_64-fedora-gcc, r-devel-windows-x86_64, r-devel-windows-x86_64-gcc10-UCRT, r-patched-linux-x86_64, r-patched-solaris-x86, r-release-linux-x86_64, r-release-macos-arm64, r-release-macos-x86_64, r-release-windows-ix86+x86_64